000
CDUS41 KCLE 070538
CLIERI


CLIMATE REPORT
NATIONAL WEATHER SERVICE CLEVELAND OH
126 AM EDT TUE APR 7 2015


...................................

...THE ERIE PA CLIMATE SUMMARY FOR APRIL 6 2015...

CLIMATE NORMAL PERIOD 1981 TO 2010
CLIMATE RECORD PERIOD 1873 TO 2015


WEATHER ITEM   OBSERVED TIME   RECORD YEAR NORMAL DEPARTURE LAST
                VALUE   (LST)  VALUE       VALUE  FROM      YEAR
                                                  NORMAL
..................................................................
TEMPERATURE (F)
 YESTERDAY
  MAXIMUM         63   1107 AM  79    1942  52     11       48
                                      1929
                                      1928
  MINIMUM         34    345 AM  16    1982  35     -1       29
  AVERAGE         49                        44      5       39

PRECIPITATION (IN)
  YESTERDAY        0.01                      0.11  -0.10     0.00
  MONTH TO DATE    0.76                      0.68   0.08     0.45
  SINCE MAR 1      2.76                      3.63  -0.87     3.62
  SINCE JAN 1      8.52                      8.97  -0.45     9.53

SNOWFALL (IN)
  YESTERDAY        0.0                       0.2   -0.2      0.0
  MONTH TO DATE    0.0                       1.3   -1.3      0.0
  SINCE MAR 1     10.9                      15.0   -4.1     17.6
  SINCE JUL 1    110.3                      99.0   11.3    137.2
  SNOW DEPTH       0

DEGREE DAYS
 HEATING
  YESTERDAY       16                        22     -6       26
  MONTH TO DATE  119                       136    -17      137
  SINCE MAR 1   1165                      1047    118     1276
  SINCE JUL 1   6041                      5412    629     6097

 COOLING
  YESTERDAY        0                         0      0        0
  MONTH TO DATE    0                         0      0        0
  SINCE MAR 1      0                         1     -1        0
  SINCE JAN 1      0                         1     -1        0
..................................................................


WIND (MPH)
  HIGHEST WIND SPEED    16   HIGHEST WIND DIRECTION    SW (210)
  HIGHEST GUST SPEED    20   HIGHEST GUST DIRECTION     S (200)
  AVERAGE WIND SPEED     4.5


SKY COVER
  POSSIBLE SUNSHINE  MM
  AVERAGE SKY COVER 0.6


WEATHER CONDITIONS
 THE FOLLOWING WEATHER WAS RECORDED YESTERDAY.
  LIGHT RAIN


RELATIVE HUMIDITY (PERCENT)
 HIGHEST    77           600 PM
 LOWEST     23          1000 AM
 AVERAGE    50

..........................................................


THE ERIE PA CLIMATE NORMALS FOR TODAY
                         NORMAL    RECORD    YEAR
 MAXIMUM TEMPERATURE (F)   53        81      1929
                                             1921
 MINIMUM TEMPERATURE (F)   35        16      1982


SUNRISE AND SUNSET
APRIL  7 2015.........SUNRISE   654 AM EDT   SUNSET   753 PM EDT
APRIL  8 2015.........SUNRISE   652 AM EDT   SUNSET   754 PM EDT


-  INDICATES NEGATIVE NUMBERS.
R  INDICATES RECORD WAS SET OR TIED.
MM INDICATES DATA IS MISSING.
T  INDICATES TRACE AMOUNT.




$$
