000
CDUS41 KCLE 010528
CLIERI


CLIMATE REPORT
NATIONAL WEATHER SERVICE CLEVELAND OH
127 AM EDT WED APR 1 2015


...................................

...THE ERIE PA CLIMATE SUMMARY FOR MARCH 31 2015...

CLIMATE NORMAL PERIOD 1981 TO 2010
CLIMATE RECORD PERIOD 1873 TO 2015


WEATHER ITEM   OBSERVED TIME   RECORD YEAR NORMAL DEPARTURE LAST
                VALUE   (LST)  VALUE       VALUE  FROM      YEAR
                                                  NORMAL
..................................................................
TEMPERATURE (F)
 YESTERDAY
  MAXIMUM         38    536 PM  82    1998  50    -12       46
  MINIMUM         27    110 AM   9    1923  33     -6       25
  AVERAGE         33                        41     -8       36

PRECIPITATION (IN)
  YESTERDAY        0.50                      0.11   0.39     0.00
  MONTH TO DATE    2.00                      2.95  -0.95     3.17
  SINCE MAR 1      2.00                      2.95  -0.95     3.17
  SINCE JAN 1      7.76                      8.29  -0.53     9.08

SNOWFALL (IN)
  YESTERDAY        5.3                       0.2    5.1      0.0
  MONTH TO DATE   10.9                      13.7   -2.8     17.6
  SINCE MAR 1     10.9                      13.7   -2.8     17.6
  SINCE JUL 1    110.3                      97.7   12.6    137.2
  SNOW DEPTH       4

DEGREE DAYS
 HEATING
  YESTERDAY       32                        24      8       29
  MONTH TO DATE 1046                       911    135     1139
  SINCE MAR 1   1046                       911    135     1139
  SINCE JUL 1   5922                      5276    646     5960

 COOLING
  YESTERDAY        0                         0      0        0
  MONTH TO DATE    0                         1     -1        0
  SINCE MAR 1      0                         1     -1        0
  SINCE JAN 1      0                         1     -1        0
..................................................................


WIND (MPH)
  HIGHEST WIND SPEED    17   HIGHEST WIND DIRECTION    NE (40)
  HIGHEST GUST SPEED    21   HIGHEST GUST DIRECTION    NE (40)
  AVERAGE WIND SPEED     7.7


SKY COVER
  POSSIBLE SUNSHINE  MM
  AVERAGE SKY COVER 0.6


WEATHER CONDITIONS
 THE FOLLOWING WEATHER WAS RECORDED YESTERDAY.
  SNOW
  LIGHT SNOW
  FOG


RELATIVE HUMIDITY (PERCENT)
 HIGHEST    92           700 AM
 LOWEST     64           500 PM
 AVERAGE    78

..........................................................


THE ERIE PA CLIMATE NORMALS FOR TODAY
                         NORMAL    RECORD    YEAR
 MAXIMUM TEMPERATURE (F)   50        82      2010
 MINIMUM TEMPERATURE (F)   33         7      1923


SUNRISE AND SUNSET
APRIL  1 2015.........SUNRISE   704 AM EDT   SUNSET   746 PM EDT
APRIL  2 2015.........SUNRISE   702 AM EDT   SUNSET   747 PM EDT


-  INDICATES NEGATIVE NUMBERS.
R  INDICATES RECORD WAS SET OR TIED.
MM INDICATES DATA IS MISSING.
T  INDICATES TRACE AMOUNT.




$$
