000
CDUS41 KCLE 310718
CLIERI


CLIMATE REPORT
NATIONAL WEATHER SERVICE CLEVELAND OH
317 AM EDT TUE MAR 31 2015


...................................

...THE ERIE PA CLIMATE SUMMARY FOR MARCH 30 2015...

CLIMATE NORMAL PERIOD 1981 TO 2010
CLIMATE RECORD PERIOD 1873 TO 2015


WEATHER ITEM   OBSERVED TIME   RECORD YEAR NORMAL DEPARTURE LAST
                VALUE   (LST)  VALUE       VALUE  FROM      YEAR
                                                  NORMAL
..................................................................
TEMPERATURE (F)
 YESTERDAY
  MAXIMUM         48    349 PM  82    1998  49     -1       39
  MINIMUM         28   1153 PM  15    1887  32     -4       29
  AVERAGE         38                        41     -3       34

PRECIPITATION (IN)
  YESTERDAY        T                         0.10  -0.10     0.05
  MONTH TO DATE    1.50                      2.84  -1.34     3.17
  SINCE MAR 1      1.50                      2.84  -1.34     3.17
  SINCE JAN 1      7.26                      8.18  -0.92     9.08

SNOWFALL (IN)
  YESTERDAY        0.0                       0.3   -0.3      0.7
  MONTH TO DATE    5.6                      13.5   -7.9     17.6
  SINCE MAR 1      5.6                      13.5   -7.9     17.6
  SINCE JUL 1    105.0                      97.5    7.5    137.2
  SNOW DEPTH       0

DEGREE DAYS
 HEATING
  YESTERDAY       27                        24      3       31
  MONTH TO DATE 1014                       887    127     1110
  SINCE MAR 1   1014                       887    127     1110
  SINCE JUL 1   5890                      5252    638     5931

 COOLING
  YESTERDAY        0                         0      0        0
  MONTH TO DATE    0                         0      0        0
  SINCE MAR 1      0                         0      0        0
  SINCE JAN 1      0                         0      0        0
..................................................................


WIND (MPH)
  HIGHEST WIND SPEED    31   HIGHEST WIND DIRECTION    SW (210)
  HIGHEST GUST SPEED    43   HIGHEST GUST DIRECTION     W (250)
  AVERAGE WIND SPEED    14.1


SKY COVER
  POSSIBLE SUNSHINE  MM
  AVERAGE SKY COVER 0.7


WEATHER CONDITIONS
 THE FOLLOWING WEATHER WAS RECORDED YESTERDAY.
  HAZE


RELATIVE HUMIDITY (PERCENT)
 HIGHEST    79           200 AM
 LOWEST     37           400 PM
 AVERAGE    58

..........................................................


THE ERIE PA CLIMATE NORMALS FOR TODAY
                         NORMAL    RECORD    YEAR
 MAXIMUM TEMPERATURE (F)   50        82      1998
 MINIMUM TEMPERATURE (F)   33         9      1923


SUNRISE AND SUNSET
MARCH 31 2015.........SUNRISE   706 AM EDT   SUNSET   745 PM EDT
APRIL  1 2015.........SUNRISE   704 AM EDT   SUNSET   746 PM EDT


-  INDICATES NEGATIVE NUMBERS.
R  INDICATES RECORD WAS SET OR TIED.
MM INDICATES DATA IS MISSING.
T  INDICATES TRACE AMOUNT.




$$
