000
CDUS41 KCLE 010539
CLIERI


CLIMATE REPORT
NATIONAL WEATHER SERVICE CLEVELAND OH
126 AM EDT FRI MAY 1 2015


...................................

...THE ERIE PA CLIMATE SUMMARY FOR APRIL 30 2015...

CLIMATE NORMAL PERIOD 1981 TO 2010
CLIMATE RECORD PERIOD 1873 TO 2015


WEATHER ITEM   OBSERVED TIME   RECORD YEAR NORMAL DEPARTURE LAST
                VALUE   (LST)  VALUE       VALUE  FROM      YEAR
                                                  NORMAL
..................................................................
TEMPERATURE (F)
 YESTERDAY
  MAXIMUM         49    526 PM  84    1942  62    -13       57
                                      1899
  MINIMUM         41   1154 PM  29    1876  43     -2       49
  AVERAGE         45                        52     -7       53

PRECIPITATION (IN)
  YESTERDAY        0.33                      0.10   0.23     0.62
  MONTH TO DATE    2.97                      3.33  -0.36     3.82
  SINCE MAR 1      4.97                      6.28  -1.31     6.99
  SINCE JAN 1     10.73                     11.62  -0.89    12.90

SNOWFALL (IN)
  YESTERDAY        0.0                       0.0    0.0      0.0
  MONTH TO DATE    T                         3.2   -3.2      1.2
  SINCE MAR 1     10.9                      16.9   -6.0     18.8
  SINCE JUL 1    110.3                     100.9    9.4    138.4
  SNOW DEPTH       0

DEGREE DAYS
 HEATING
  YESTERDAY       20                        13      7       12
  MONTH TO DATE  530                       542    -12      530
  SINCE MAR 1   1576                      1454    122     1669
  SINCE JUL 1   6452                      5819    633     6490

 COOLING
  YESTERDAY        0                         0      0        0
  MONTH TO DATE    0                         6     -6        0
  SINCE MAR 1      0                         7     -7        0
  SINCE JAN 1      0                         7     -7        0
..................................................................


WIND (MPH)
  HIGHEST WIND SPEED     8   HIGHEST WIND DIRECTION    NW (320)
  HIGHEST GUST SPEED     9   HIGHEST GUST DIRECTION    NW (320)
  AVERAGE WIND SPEED     2.5


SKY COVER
  POSSIBLE SUNSHINE  MM
  AVERAGE SKY COVER 0.8


WEATHER CONDITIONS
 THE FOLLOWING WEATHER WAS RECORDED YESTERDAY.
  RAIN
  LIGHT RAIN
  FOG


RELATIVE HUMIDITY (PERCENT)
 HIGHEST    96          1100 AM
 LOWEST     76          1200 AM
 AVERAGE    86

..........................................................


THE ERIE PA CLIMATE NORMALS FOR TODAY
                         NORMAL    RECORD    YEAR
 MAXIMUM TEMPERATURE (F)   62        85      1970
                                             1942
 MINIMUM TEMPERATURE (F)   43        30      1969


SUNRISE AND SUNSET
MAY  1 2015...........SUNRISE   617 AM EDT   SUNSET   819 PM EDT
MAY  2 2015...........SUNRISE   616 AM EDT   SUNSET   821 PM EDT


-  INDICATES NEGATIVE NUMBERS.
R  INDICATES RECORD WAS SET OR TIED.
MM INDICATES DATA IS MISSING.
T  INDICATES TRACE AMOUNT.




$$
