000
CDUS41 KCLE 022130
CLIERI


CLIMATE REPORT
NATIONAL WEATHER SERVICE CLEVELAND OH
530 PM EDT SAT MAY 2 2015


...................................

...THE ERIE PA CLIMATE SUMMARY FOR MAY 2 2015...
VALID TODAY AS OF 0500 PM LOCAL TIME.

CLIMATE NORMAL PERIOD 1981 TO 2010
CLIMATE RECORD PERIOD 1873 TO 2015


WEATHER ITEM   OBSERVED TIME   RECORD YEAR NORMAL DEPARTURE LAST
                VALUE   (LST)  VALUE       VALUE  FROM      YEAR
                                                  NORMAL
..................................................................
TEMPERATURE (F)
 TODAY
  MAXIMUM         67    338 PM  86    1887  62      5       52
  MINIMUM         40    528 AM  30    1979  44     -4       47
                                      1963
                                      1909
  AVERAGE         54                        53      1       50

PRECIPITATION (IN)
  TODAY            0.00                      0.10  -0.10      T
  MONTH TO DATE    0.00                      0.20  -0.20     0.01
  SINCE MAR 1      4.97                      6.48  -1.51     7.00
  SINCE JAN 1     10.73                     11.82  -1.09    12.91

SNOWFALL (IN)
  TODAY            0.0                       0.0    0.0      0.0
  MONTH TO DATE    0.0                       0.0    0.0      0.0
  SINCE MAR 1     10.9                      16.9   -6.0     18.8
  SINCE JUL 1    110.3                     100.9    9.4    138.4
  SNOW DEPTH       0

DEGREE DAYS
 HEATING
  TODAY           11                        13     -2       15
  MONTH TO DATE   27                        26      1       27
  SINCE MAR 1   1603                      1480    123     1696
  SINCE JUL 1   6479                      5845    634     6517

 COOLING
  TODAY            0                         0      0        0
  MONTH TO DATE    0                         0      0        0
  SINCE MAR 1      0                         7     -7        0
  SINCE JAN 1      0                         7     -7        0
..................................................................


WIND (MPH)
  HIGHEST WIND SPEED    10   HIGHEST WIND DIRECTION    NW (310)
  HIGHEST GUST SPEED    12   HIGHEST GUST DIRECTION    NW (300)


SKY COVER
  POSSIBLE SUNSHINE  MM
  AVERAGE SKY COVER 0.0


WEATHER CONDITIONS
 THE FOLLOWING WEATHER WAS RECORDED TODAY.
  NO SIGNIFICANT WEATHER WAS OBSERVED.


RELATIVE HUMIDITY (PERCENT)
 HIGHEST    82           600 AM
 LOWEST     28           400 PM
 AVERAGE    55

..........................................................


THE ERIE PA CLIMATE NORMALS FOR TOMORROW
                         NORMAL    RECORD    YEAR
 MAXIMUM TEMPERATURE (F)   63        86      1944
 MINIMUM TEMPERATURE (F)   44        29      1978


SUNRISE AND SUNSET
MAY  2 2015...........SUNRISE   616 AM EDT   SUNSET   821 PM EDT
MAY  3 2015...........SUNRISE   614 AM EDT   SUNSET   822 PM EDT


-  INDICATES NEGATIVE NUMBERS.
R  INDICATES RECORD WAS SET OR TIED.
MM INDICATES DATA IS MISSING.
T  INDICATES TRACE AMOUNT.




$$
