000
CXUS51 KCLE 070032 CCA
CLMERI

CLIMATE REPORT...CORRECTED
NATIONAL WEATHER SERVICE CLEVELAND OH
731 PM EST FRI MAR 5 2015

...................................

...THE ERIE PA CLIMATE SUMMARY FOR THE MONTH OF FEBRUARY 2015...

CLIMATE NORMAL PERIOD 1981 TO 2010
CLIMATE RECORD PERIOD 1873 TO 2015

WEATHER         OBSERVED          NORMAL  DEPART  LAST YEAR`S
                 VALUE   DATE(S)  VALUE   FROM    VALUE  DATE(S)
                                          NORMAL
................................................................
TEMPERATURE (F)
RECORD
 HIGH              75   02/26/2000
 LOW              -18   02/16/2015
HIGHEST            45   02/08
LOWEST            -18R  02/16
AVG. MAXIMUM     22.1              35.5   -13.4     28.3
AVG. MINIMUM      4.1              21.1   -17.0     12.5
MEAN             13.1              28.3   -15.2     20.4
DAYS MAX >= 90      0               0.0     0.0        0
DAYS MAX <= 32     24              11.5    12.5       20
DAYS MIN <= 32     28              24.2     3.8       26
DAYS MIN <= 0      10               0.5     9.5        4

PRECIPITATION (INCHES)
RECORD
 MAXIMUM         5.73   1990
 MINIMUM         0.56   1902
TOTALS           2.02              2.39   -0.37     3.43
DAYS >= .01        15              15.0     0.0       17
DAYS >= .10         6               6.7    -0.7       11
DAYS >= .50         1               0.9     0.1        3
DAYS >= 1.00        0               0.2    -0.2        0
GREATEST
 24 HR. TOTAL    0.85   02/01 TO 02/02              0.86

SNOWFALL (INCHES)
RECORDS
 TOTAL           36.9   5
                        0

TOTALS           31.5              18.2    13.3     28.9
SINCE 7/1        99.4              84.0    15.4    120.6
SNOWDEPTH AVG.     13                 4       9        4
DAYS >= 1.0         8               5.2     2.8       10
GREATEST
 SNOW DEPTH        15   02/25                          9  02/11
                        02/23                             02/10
                        02/22                             02/06
 24 HR TOTAL      9.0   02/01 TO 02/01

DEGREE_DAYS
HEATING TOTAL    1446              1027     419     1240
 SINCE 7/1       4876              4365     511     4821
COOLING TOTAL       0                 0       0        0
 SINCE 1/1          0                 0       0        0
.................................................................

WIND (MPH)
AVERAGE WIND SPEED              9.5
HIGHEST WIND SPEED/DIRECTION    28/210    DATE  02/24
HIGHEST GUST SPEED/DIRECTION    37/190    DATE  02/13

SKY COVER
AVERAGE SKY COVER           0.70

AVERAGE RH (PERCENT)     69

WEATHER CONDITIONS. NUMBER OF DAYS WITH
THUNDERSTORM              0     MIXED PRECIP               0
HEAVY RAIN                0     RAIN                       0
LIGHT RAIN                0     FREEZING RAIN              0
LT FREEZING RAIN          1     HAIL                       0
HEAVY SNOW                4     SNOW                       7
LIGHT SNOW               22     SLEET                      0
FOG                      16     FOG W/VIS <= 1/4 MILE      4
HAZE                     25

-  INDICATES NEGATIVE NUMBERS.
R  INDICATES RECORD WAS SET OR TIED.
MM INDICATES DATA IS MISSING.
T  INDICATES TRACE AMOUNT.
CORRECTED SNOWFALL TOTALS.
$$
