000
CDUS41 KCLE 300530
CLIMFD


CLIMATE REPORT
NATIONAL WEATHER SERVICE CLEVELAND OH
128 AM EDT MON MAR 30 2015


...................................

...THE MANSFIELD OH CLIMATE SUMMARY FOR MARCH 29 2015...

CLIMATE NORMAL PERIOD 1981 TO 2010
CLIMATE RECORD PERIOD 1916 TO 2015


WEATHER ITEM   OBSERVED TIME   RECORD YEAR NORMAL DEPARTURE LAST
                VALUE   (LST)  VALUE       VALUE  FROM      YEAR
                                                  NORMAL
..................................................................
TEMPERATURE (F)
 YESTERDAY
  MAXIMUM         44    326 PM  78    1998  52     -8       38
  MINIMUM         17    621 AM  11    1923  32    -15       31
  AVERAGE         31                        42    -11       35

PRECIPITATION (IN)
  YESTERDAY        0.02                      0.13  -0.11     0.37
  MONTH TO DATE    2.86                      3.13  -0.27     1.84
  SINCE MAR 1      2.86                      3.13  -0.27     1.84
  SINCE JAN 1      8.02                      8.39  -0.37     6.17

SNOWFALL (IN)
  YESTERDAY        T                         0.2   -0.2      3.0
  MONTH TO DATE   10.7                       7.5    3.2     10.5
  SINCE MAR 1     10.7                       7.5    3.2     10.5
  SINCE JUL 1     63.2                      45.4   17.8     64.4
  SNOW DEPTH       T

DEGREE DAYS
 HEATING
  YESTERDAY       34                        23     11       30
  MONTH TO DATE  911                       821     90      977
  SINCE MAR 1    911                       821     90      977
  SINCE JUL 1   5983                      5446    537     6021

 COOLING
  YESTERDAY        0                         0      0        0
  MONTH TO DATE    0                         0      0        0
  SINCE MAR 1      0                         0      0        0
  SINCE JAN 1      0                         0      0        0
..................................................................


WIND (MPH)
  HIGHEST WIND SPEED    33   HIGHEST WIND DIRECTION     S (200)
  HIGHEST GUST SPEED    45   HIGHEST GUST DIRECTION     S (200)
  AVERAGE WIND SPEED    16.7


SKY COVER
  POSSIBLE SUNSHINE  MM
  AVERAGE SKY COVER 0.3


WEATHER CONDITIONS
 THE FOLLOWING WEATHER WAS RECORDED YESTERDAY.
  LIGHT RAIN
  LIGHT SNOW
  SLEET
  FOG


RELATIVE HUMIDITY (PERCENT)
 HIGHEST    92           900 PM
 LOWEST     30           600 PM
 AVERAGE    61

..........................................................


THE MANSFIELD OH CLIMATE NORMALS FOR TODAY
                         NORMAL    RECORD    YEAR
 MAXIMUM TEMPERATURE (F)   52        82      1986
 MINIMUM TEMPERATURE (F)   33        12      1941


SUNRISE AND SUNSET
MARCH 30 2015.........SUNRISE   717 AM EDT   SUNSET   753 PM EDT
MARCH 31 2015.........SUNRISE   716 AM EDT   SUNSET   754 PM EDT


-  INDICATES NEGATIVE NUMBERS.
R  INDICATES RECORD WAS SET OR TIED.
MM INDICATES DATA IS MISSING.
T  INDICATES TRACE AMOUNT.




$$
