000
CDUS41 KCLE 150526
CLIMFD


CLIMATE REPORT
NATIONAL WEATHER SERVICE CLEVELAND OH
126 AM EDT WED APR 15 2015


...................................

...THE MANSFIELD OH CLIMATE SUMMARY FOR APRIL 14 2015...

CLIMATE NORMAL PERIOD 1981 TO 2010
CLIMATE RECORD PERIOD 1916 TO 2015


WEATHER ITEM   OBSERVED TIME   RECORD YEAR NORMAL DEPARTURE LAST
                VALUE   (LST)  VALUE       VALUE  FROM      YEAR
                                                  NORMAL
..................................................................
TEMPERATURE (F)
 YESTERDAY
  MAXIMUM         61    457 PM  82    1941  59      2       71
  MINIMUM         46    504 AM  14    1957  38      8       43
  AVERAGE         54                        48      6       57

PRECIPITATION (IN)
  YESTERDAY        0.00                      0.14  -0.14     0.50
  MONTH TO DATE    4.58                      1.96   2.62     3.52
  SINCE MAR 1      7.45                      5.35   2.10     5.36
  SINCE JAN 1     12.61                     10.61   2.00     9.69

SNOWFALL (IN)
  YESTERDAY        0.0                       0.1   -0.1      0.0
  MONTH TO DATE    0.0                       1.8   -1.8      0.0
  SINCE MAR 1     10.7                       9.6    1.1     10.5
  SINCE JUL 1     63.2                      47.5   15.7     64.4
  SNOW DEPTH       0

DEGREE DAYS
 HEATING
  YESTERDAY       11                        17     -6        8
  MONTH TO DATE  172                       272   -100      199
  SINCE MAR 1   1125                      1137    -12     1226
  SINCE JUL 1   6197                      5762    435     6270

 COOLING
  YESTERDAY        0                         0      0        0
  MONTH TO DATE    0                         0      0        2
  SINCE MAR 1      0                         1     -1        2
  SINCE JAN 1      0                         1     -1        2
..................................................................


WIND (MPH)
  HIGHEST WIND SPEED    12   HIGHEST WIND DIRECTION     N (20)
  HIGHEST GUST SPEED    16   HIGHEST GUST DIRECTION    NE (60)
  AVERAGE WIND SPEED     6.4


SKY COVER
  POSSIBLE SUNSHINE  MM
  AVERAGE SKY COVER 0.0


WEATHER CONDITIONS
 THE FOLLOWING WEATHER WAS RECORDED YESTERDAY.
  NO SIGNIFICANT WEATHER WAS OBSERVED.


RELATIVE HUMIDITY (PERCENT)
 HIGHEST    80           700 AM
 LOWEST     36           500 PM
 AVERAGE    58

..........................................................


THE MANSFIELD OH CLIMATE NORMALS FOR TODAY
                         NORMAL    RECORD    YEAR
 MAXIMUM TEMPERATURE (F)   59        82      2010
 MINIMUM TEMPERATURE (F)   38        15      1957


SUNRISE AND SUNSET
APRIL 15 2015.........SUNRISE   652 AM EDT   SUNSET   809 PM EDT
APRIL 16 2015.........SUNRISE   650 AM EDT   SUNSET   810 PM EDT


-  INDICATES NEGATIVE NUMBERS.
R  INDICATES RECORD WAS SET OR TIED.
MM INDICATES DATA IS MISSING.
T  INDICATES TRACE AMOUNT.




$$
