000
CDUS41 KCLE 040527
CLIMFD


CLIMATE REPORT
NATIONAL WEATHER SERVICE CLEVELAND OH
126 AM EDT MON MAY 4 2015


...................................

...THE MANSFIELD OH CLIMATE SUMMARY FOR MAY 3 2015...

CLIMATE NORMAL PERIOD 1981 TO 2010
CLIMATE RECORD PERIOD 1916 TO 2015


WEATHER ITEM   OBSERVED TIME   RECORD YEAR NORMAL DEPARTURE LAST
                VALUE   (LST)  VALUE       VALUE  FROM      YEAR
                                                  NORMAL
..................................................................
TEMPERATURE (F)
 YESTERDAY
  MAXIMUM         78    304 PM  86    2012  66     12       63
  MINIMUM         48    408 AM  30    1939  44      4       44
                                      1932
                                      1917
  AVERAGE         63                        55      8       54

PRECIPITATION (IN)
  YESTERDAY        0.00                      0.13  -0.13     0.02
  MONTH TO DATE    0.00                      0.40  -0.40     0.02
  SINCE MAR 1      8.24                      7.93   0.31     9.02
  SINCE JAN 1     13.40                     13.19   0.21    13.35

SNOWFALL (IN)
  YESTERDAY        0.0                       0.0    0.0      0.0
  MONTH TO DATE    0.0                       0.0    0.0      0.0
  SINCE MAR 1     10.7                      10.4    0.3     11.5
  SINCE JUL 1     63.2                      48.3   14.9     65.4
  SNOW DEPTH       0

DEGREE DAYS
 HEATING
  YESTERDAY        2                        11     -9       11
  MONTH TO DATE   20                        33    -13       42
  SINCE MAR 1   1397                      1393      4     1511
  SINCE JUL 1   6469                      6018    451     6555

 COOLING
  YESTERDAY        0                         0      0        0
  MONTH TO DATE    0                         0      0        0
  SINCE MAR 1      0                         8     -8        2
  SINCE JAN 1      0                         8     -8        2
..................................................................


WIND (MPH)
  HIGHEST WIND SPEED    20   HIGHEST WIND DIRECTION     S (200)
  HIGHEST GUST SPEED    24   HIGHEST GUST DIRECTION    SW (210)
  AVERAGE WIND SPEED     7.2


SKY COVER
  POSSIBLE SUNSHINE  MM
  AVERAGE SKY COVER 0.1


WEATHER CONDITIONS
 THE FOLLOWING WEATHER WAS RECORDED YESTERDAY.
  NO SIGNIFICANT WEATHER WAS OBSERVED.


RELATIVE HUMIDITY (PERCENT)
 HIGHEST    68           600 AM
 LOWEST     31          1200 PM
 AVERAGE    50

..........................................................


THE MANSFIELD OH CLIMATE NORMALS FOR TODAY
                         NORMAL    RECORD    YEAR
 MAXIMUM TEMPERATURE (F)   66        85      1955
 MINIMUM TEMPERATURE (F)   44        27      2005


SUNRISE AND SUNSET
MAY  4 2015...........SUNRISE   625 AM EDT   SUNSET   829 PM EDT
MAY  5 2015...........SUNRISE   624 AM EDT   SUNSET   830 PM EDT


-  INDICATES NEGATIVE NUMBERS.
R  INDICATES RECORD WAS SET OR TIED.
MM INDICATES DATA IS MISSING.
T  INDICATES TRACE AMOUNT.




$$
