000
CDUS41 KCLE 212113
CLIMFD


CLIMATE REPORT
NATIONAL WEATHER SERVICE CLEVELAND OH
513 PM EDT TUE APR 21 2015


...................................

...THE MANSFIELD OH CLIMATE SUMMARY FOR APRIL 21 2015...
VALID TODAY AS OF 0500 PM LOCAL TIME.

CLIMATE NORMAL PERIOD 1981 TO 2010
CLIMATE RECORD PERIOD 1916 TO 2015


WEATHER ITEM   OBSERVED TIME   RECORD YEAR NORMAL DEPARTURE LAST
                VALUE   (LST)  VALUE       VALUE  FROM      YEAR
                                                  NORMAL
..................................................................
TEMPERATURE (F)
 TODAY
  MAXIMUM         57    306 PM  84    1985  62     -5       77
  MINIMUM         40    559 AM  25    1981  40      0       43
  AVERAGE         49                        51     -2       60

PRECIPITATION (IN)
  TODAY            0.00                      0.13  -0.13      T
  MONTH TO DATE    4.91                      2.93   1.98     3.98
  SINCE MAR 1      7.78                      6.32   1.46     5.82
  SINCE JAN 1     12.94                     11.58   1.36    10.15

SNOWFALL (IN)
  TODAY            0.0                       0.0    0.0      0.0
  MONTH TO DATE    0.0                       2.3   -2.3      1.0
  SINCE MAR 1     10.7                      10.1    0.6     11.5
  SINCE JUL 1     63.2                      48.0   15.2     65.4
  SNOW DEPTH       0

DEGREE DAYS
 HEATING
  TODAY           16                        14      2        5
  MONTH TO DATE  229                       379   -150      320
  SINCE MAR 1   1182                      1244    -62     1347
  SINCE JUL 1   6254                      5869    385     6391

 COOLING
  TODAY            0                         0      0        0
  MONTH TO DATE    0                         0      0        2
  SINCE MAR 1      0                         1     -1        2
  SINCE JAN 1      0                         1     -1        2
..................................................................


WIND (MPH)
  HIGHEST WIND SPEED    33   HIGHEST WIND DIRECTION    SW (240)
  HIGHEST GUST SPEED    47   HIGHEST GUST DIRECTION    SW (230)


SKY COVER
  POSSIBLE SUNSHINE  MM
  AVERAGE SKY COVER 0.5


WEATHER CONDITIONS
 THE FOLLOWING WEATHER WAS RECORDED TODAY.
  NO SIGNIFICANT WEATHER WAS OBSERVED.


RELATIVE HUMIDITY (PERCENT)
 HIGHEST    70          1200 AM
 LOWEST     26           100 PM
 AVERAGE    48

..........................................................


THE MANSFIELD OH CLIMATE NORMALS FOR TOMORROW
                         NORMAL    RECORD    YEAR
 MAXIMUM TEMPERATURE (F)   62        84      1985
 MINIMUM TEMPERATURE (F)   40        23      1922


SUNRISE AND SUNSET
APRIL 21 2015.........SUNRISE   643 AM EDT   SUNSET   816 PM EDT
APRIL 22 2015.........SUNRISE   641 AM EDT   SUNSET   817 PM EDT


-  INDICATES NEGATIVE NUMBERS.
R  INDICATES RECORD WAS SET OR TIED.
MM INDICATES DATA IS MISSING.
T  INDICATES TRACE AMOUNT.




$$
