000
CDUS41 KCLE 110527
CLIMFD


CLIMATE REPORT
NATIONAL WEATHER SERVICE CLEVELAND OH
126 AM EDT SAT APR 11 2015


...................................

...THE MANSFIELD OH CLIMATE SUMMARY FOR APRIL 10 2015...

CLIMATE NORMAL PERIOD 1981 TO 2010
CLIMATE RECORD PERIOD 1916 TO 2015


WEATHER ITEM   OBSERVED TIME   RECORD YEAR NORMAL DEPARTURE LAST
                VALUE   (LST)  VALUE       VALUE  FROM      YEAR
                                                  NORMAL
..................................................................
TEMPERATURE (F)
 YESTERDAY
  MAXIMUM         68    306 AM  82    2011  57     11       69
  MINIMUM         46   1157 AM  18    1997  36     10       40
                                      1989
  AVERAGE         57                        47     10       55

PRECIPITATION (IN)
  YESTERDAY        0.24                      0.15   0.09     0.34
  MONTH TO DATE    4.36                      1.39   2.97     2.54
  SINCE MAR 1      7.23                      4.78   2.45     4.38
  SINCE JAN 1     12.39                     10.04   2.35     8.71

SNOWFALL (IN)
  YESTERDAY        0.0                       0.1   -0.1      0.0
  MONTH TO DATE    0.0                       1.4   -1.4      0.0
  SINCE MAR 1     10.7                       9.2    1.5     10.5
  SINCE JUL 1     63.2                      47.1   16.1     64.4
  SNOW DEPTH       0

DEGREE DAYS
 HEATING
  YESTERDAY        8                        18    -10       10
  MONTH TO DATE  132                       202    -70      172
  SINCE MAR 1   1085                      1067     18     1199
  SINCE JUL 1   6157                      5692    465     6243

 COOLING
  YESTERDAY        0                         0      0        0
  MONTH TO DATE    0                         0      0        0
  SINCE MAR 1      0                         1     -1        0
  SINCE JAN 1      0                         1     -1        0
..................................................................


WIND (MPH)
  HIGHEST WIND SPEED    35   HIGHEST WIND DIRECTION    SW (220)
  HIGHEST GUST SPEED    48   HIGHEST GUST DIRECTION    SW (220)
  AVERAGE WIND SPEED    18.6


SKY COVER
  POSSIBLE SUNSHINE  MM
  AVERAGE SKY COVER 0.5


WEATHER CONDITIONS
 THE FOLLOWING WEATHER WAS RECORDED YESTERDAY.
  THUNDERSTORM
  RAIN
  LIGHT RAIN
  FOG


RELATIVE HUMIDITY (PERCENT)
 HIGHEST    84           600 AM
 LOWEST     47           500 PM
 AVERAGE    66

..........................................................


THE MANSFIELD OH CLIMATE NORMALS FOR TODAY
                         NORMAL    RECORD    YEAR
 MAXIMUM TEMPERATURE (F)   58        87      1930
 MINIMUM TEMPERATURE (F)   37        21      1976
                                             1943


SUNRISE AND SUNSET
APRIL 11 2015.........SUNRISE   658 AM EDT   SUNSET   805 PM EDT
APRIL 12 2015.........SUNRISE   656 AM EDT   SUNSET   806 PM EDT


-  INDICATES NEGATIVE NUMBERS.
R  INDICATES RECORD WAS SET OR TIED.
MM INDICATES DATA IS MISSING.
T  INDICATES TRACE AMOUNT.




$$
