000
CDUS41 KCLE 100545
CLIMFD


CLIMATE REPORT
NATIONAL WEATHER SERVICE CLEVELAND OH
145 AM EDT FRI APR 10 2015


...................................

...THE MANSFIELD OH CLIMATE SUMMARY FOR APRIL 9 2015...

CLIMATE NORMAL PERIOD 1981 TO 2010
CLIMATE RECORD PERIOD 1916 TO 2015


WEATHER ITEM   OBSERVED TIME   RECORD YEAR NORMAL DEPARTURE LAST
                VALUE   (LST)  VALUE       VALUE  FROM      YEAR
                                                  NORMAL
..................................................................
TEMPERATURE (F)
 YESTERDAY
  MAXIMUM         69    620 PM  81    2013  57     12       55
  MINIMUM         50    115 AM  16    1972  36     14       34
                                      1958
                                      1957
  AVERAGE         60                        46     14       45

PRECIPITATION (IN)
  YESTERDAY        0.95                      0.14   0.81     0.00
  MONTH TO DATE    4.12                      1.24   2.88     2.20
  SINCE MAR 1      6.99                      4.63   2.36     4.04
  SINCE JAN 1     12.15                      9.89   2.26     8.37

SNOWFALL (IN)
  YESTERDAY        0.0                       0.2   -0.2      0.0
  MONTH TO DATE    0.0                       1.3   -1.3      0.0
  SINCE MAR 1     10.7                       9.1    1.6     10.5
  SINCE JUL 1     63.2                      47.0   16.2     64.4
  SNOW DEPTH       0

DEGREE DAYS
 HEATING
  YESTERDAY        5                        19    -14       20
  MONTH TO DATE  124                       184    -60      162
  SINCE MAR 1   1077                      1049     28     1189
  SINCE JUL 1   6149                      5674    475     6233

 COOLING
  YESTERDAY        0                         0      0        0
  MONTH TO DATE    0                         0      0        0
  SINCE MAR 1      0                         1     -1        0
  SINCE JAN 1      0                         1     -1        0
..................................................................


WIND (MPH)
  HIGHEST WIND SPEED    25   HIGHEST WIND DIRECTION     S (160)
  HIGHEST GUST SPEED    33   HIGHEST GUST DIRECTION     S (190)
  AVERAGE WIND SPEED    13.4


SKY COVER
  POSSIBLE SUNSHINE  MM
  AVERAGE SKY COVER 0.6


WEATHER CONDITIONS
 THE FOLLOWING WEATHER WAS RECORDED YESTERDAY.
  THUNDERSTORM
  HEAVY RAIN
  RAIN
  LIGHT RAIN
  FOG


RELATIVE HUMIDITY (PERCENT)
 HIGHEST   100          1200 AM
 LOWEST     78           600 PM
 AVERAGE    89

..........................................................


THE MANSFIELD OH CLIMATE NORMALS FOR TODAY
                         NORMAL    RECORD    YEAR
 MAXIMUM TEMPERATURE (F)   57        82      2011
 MINIMUM TEMPERATURE (F)   36        18      1997
                                             1989


SUNRISE AND SUNSET
APRIL 10 2015.........SUNRISE   659 AM EDT   SUNSET   804 PM EDT
APRIL 11 2015.........SUNRISE   658 AM EDT   SUNSET   805 PM EDT


-  INDICATES NEGATIVE NUMBERS.
R  INDICATES RECORD WAS SET OR TIED.
MM INDICATES DATA IS MISSING.
T  INDICATES TRACE AMOUNT.




$$
