000
CDUS41 KCLE 112117
CLIMFD


CLIMATE REPORT
NATIONAL WEATHER SERVICE CLEVELAND OH
517 PM EDT SAT APR 11 2015


...................................

...THE MANSFIELD OH CLIMATE SUMMARY FOR APRIL 11 2015...
VALID TODAY AS OF 0500 PM LOCAL TIME.

CLIMATE NORMAL PERIOD 1981 TO 2010
CLIMATE RECORD PERIOD 1916 TO 2015


WEATHER ITEM   OBSERVED TIME   RECORD YEAR NORMAL DEPARTURE LAST
                VALUE   (LST)  VALUE       VALUE  FROM      YEAR
                                                  NORMAL
..................................................................
TEMPERATURE (F)
 TODAY
  MAXIMUM         58    346 PM  87    1930  58      0       62
  MINIMUM         37    626 AM  21    1976  37      0       44
                                      1943
  AVERAGE         48                        47      1       53

PRECIPITATION (IN)
  TODAY            0.00                      0.14  -0.14     0.48
  MONTH TO DATE    4.36                      1.53   2.83     3.02
  SINCE MAR 1      7.23                      4.92   2.31     4.86
  SINCE JAN 1     12.39                     10.18   2.21     9.19

SNOWFALL (IN)
  TODAY            0.0                       0.1   -0.1      0.0
  MONTH TO DATE    0.0                       1.5   -1.5      0.0
  SINCE MAR 1     10.7                       9.3    1.4     10.5
  SINCE JUL 1     63.2                      47.2   16.0     64.4
  SNOW DEPTH       0

DEGREE DAYS
 HEATING
  TODAY           17                        18     -1       12
  MONTH TO DATE  149                       220    -71      184
  SINCE MAR 1   1102                      1085     17     1211
  SINCE JUL 1   6174                      5710    464     6255

 COOLING
  TODAY            0                         0      0        0
  MONTH TO DATE    0                         0      0        0
  SINCE MAR 1      0                         1     -1        0
  SINCE JAN 1      0                         1     -1        0
..................................................................


WIND (MPH)
  HIGHEST WIND SPEED    23   HIGHEST WIND DIRECTION    NW (320)
  HIGHEST GUST SPEED    28   HIGHEST GUST DIRECTION    NW (320)


SKY COVER
  POSSIBLE SUNSHINE  MM
  AVERAGE SKY COVER 0.4


WEATHER CONDITIONS
 THE FOLLOWING WEATHER WAS RECORDED TODAY.
  NO SIGNIFICANT WEATHER WAS OBSERVED.


RELATIVE HUMIDITY (PERCENT)
 HIGHEST    92           700 AM
 LOWEST     43           300 PM
 AVERAGE    68

..........................................................


THE MANSFIELD OH CLIMATE NORMALS FOR TOMORROW
                         NORMAL    RECORD    YEAR
 MAXIMUM TEMPERATURE (F)   58        85      1930
 MINIMUM TEMPERATURE (F)   37        18      1940


SUNRISE AND SUNSET
APRIL 11 2015.........SUNRISE   658 AM EDT   SUNSET   805 PM EDT
APRIL 12 2015.........SUNRISE   656 AM EDT   SUNSET   806 PM EDT


-  INDICATES NEGATIVE NUMBERS.
R  INDICATES RECORD WAS SET OR TIED.
MM INDICATES DATA IS MISSING.
T  INDICATES TRACE AMOUNT.




$$
