000
CDUS41 KCLE 050532
CLIMFD


CLIMATE REPORT
NATIONAL WEATHER SERVICE CLEVELAND OH
131 AM EDT TUE MAY 5 2015


...................................

...THE MANSFIELD OH CLIMATE SUMMARY FOR MAY 4 2015...

CLIMATE NORMAL PERIOD 1981 TO 2010
CLIMATE RECORD PERIOD 1916 TO 2015


WEATHER ITEM   OBSERVED TIME   RECORD YEAR NORMAL DEPARTURE LAST
                VALUE   (LST)  VALUE       VALUE  FROM      YEAR
                                                  NORMAL
..................................................................
TEMPERATURE (F)
 YESTERDAY
  MAXIMUM         79   1215 PM  85    1955  66     13       62
  MINIMUM         54    453 AM  27    2005  44     10       40
  AVERAGE         67                        55     12       51

PRECIPITATION (IN)
  YESTERDAY        0.13                      0.14  -0.01      T
  MONTH TO DATE    0.13                      0.54  -0.41     0.02
  SINCE MAR 1      8.37                      8.07   0.30     9.02
  SINCE JAN 1     13.53                     13.33   0.20    13.35

SNOWFALL (IN)
  YESTERDAY        0.0                       0.0    0.0      0.0
  MONTH TO DATE    0.0                       0.0    0.0      0.0
  SINCE MAR 1     10.7                      10.4    0.3     11.5
  SINCE JUL 1     63.2                      48.3   14.9     65.4
  SNOW DEPTH       0

DEGREE DAYS
 HEATING
  YESTERDAY        0                        10    -10       14
  MONTH TO DATE   20                        43    -23       56
  SINCE MAR 1   1397                      1403     -6     1525
  SINCE JUL 1   6469                      6028    441     6569

 COOLING
  YESTERDAY        2                         0      2        0
  MONTH TO DATE    2                         0      2        0
  SINCE MAR 1      2                         8     -6        2
  SINCE JAN 1      2                         8     -6        2
..................................................................


WIND (MPH)
  HIGHEST WIND SPEED    24   HIGHEST WIND DIRECTION    SW (210)
  HIGHEST GUST SPEED    33   HIGHEST GUST DIRECTION    SW (210)
  AVERAGE WIND SPEED     9.3


SKY COVER
  POSSIBLE SUNSHINE  MM
  AVERAGE SKY COVER 0.4


WEATHER CONDITIONS
 THE FOLLOWING WEATHER WAS RECORDED YESTERDAY.
  RAIN
  LIGHT RAIN
  FOG


RELATIVE HUMIDITY (PERCENT)
 HIGHEST   100           800 PM
 LOWEST     35          1200 PM
 AVERAGE    68

..........................................................


THE MANSFIELD OH CLIMATE NORMALS FOR TODAY
                         NORMAL    RECORD    YEAR
 MAXIMUM TEMPERATURE (F)   66        86      1952
 MINIMUM TEMPERATURE (F)   45        26      1957


SUNRISE AND SUNSET
MAY  5 2015...........SUNRISE   624 AM EDT   SUNSET   830 PM EDT
MAY  6 2015...........SUNRISE   623 AM EDT   SUNSET   831 PM EDT


-  INDICATES NEGATIVE NUMBERS.
R  INDICATES RECORD WAS SET OR TIED.
MM INDICATES DATA IS MISSING.
T  INDICATES TRACE AMOUNT.




$$
