000
CDUS41 KCLE 170535
CLIMFD


CLIMATE REPORT
NATIONAL WEATHER SERVICE CLEVELAND OH
131 AM EDT FRI APR 17 2015


...................................

...THE MANSFIELD OH CLIMATE SUMMARY FOR APRIL 16 2015...

CLIMATE NORMAL PERIOD 1981 TO 2010
CLIMATE RECORD PERIOD 1916 TO 2015


WEATHER ITEM   OBSERVED TIME   RECORD YEAR NORMAL DEPARTURE LAST
                VALUE   (LST)  VALUE       VALUE  FROM      YEAR
                                                  NORMAL
..................................................................
TEMPERATURE (F)
 YESTERDAY
  MAXIMUM         59   1133 PM  84    2002  60     -1       43
  MINIMUM         47    322 AM  16    1935  38      9       20
  AVERAGE         53                        49      4       32

PRECIPITATION (IN)
  YESTERDAY        T                         0.14  -0.14     0.00
  MONTH TO DATE    4.58                      2.24   2.34     3.98
  SINCE MAR 1      7.45                      5.63   1.82     5.82
  SINCE JAN 1     12.61                     10.89   1.72    10.15

SNOWFALL (IN)
  YESTERDAY       MM                         0.1   MM        0.0
  MONTH TO DATE    0.0                       2.0   -2.0      1.0
  SINCE MAR 1     10.7                       9.8    0.9     11.5
  SINCE JUL 1     63.2                      47.7   15.5     65.4
  SNOW DEPTH       0

DEGREE DAYS
 HEATING
  YESTERDAY       12                        16     -4       33
  MONTH TO DATE  195                       304   -109      262
  SINCE MAR 1   1148                      1169    -21     1289
  SINCE JUL 1   6220                      5794    426     6333

 COOLING
  YESTERDAY        0                         0      0        0
  MONTH TO DATE    0                         0      0        2
  SINCE MAR 1      0                         1     -1        2
  SINCE JAN 1      0                         1     -1        2
..................................................................


WIND (MPH)
  HIGHEST WIND SPEED    25   HIGHEST WIND DIRECTION     S (160)
  HIGHEST GUST SPEED    33   HIGHEST GUST DIRECTION    SE (140)
  AVERAGE WIND SPEED    13.5


SKY COVER
  POSSIBLE SUNSHINE  MM
  AVERAGE SKY COVER 0.8


WEATHER CONDITIONS
 THE FOLLOWING WEATHER WAS RECORDED YESTERDAY.
  LIGHT RAIN


RELATIVE HUMIDITY (PERCENT)
 HIGHEST    86           800 PM
 LOWEST     35           700 AM
 AVERAGE    61

..........................................................


THE MANSFIELD OH CLIMATE NORMALS FOR TODAY
                         NORMAL    RECORD    YEAR
 MAXIMUM TEMPERATURE (F)   60        83      1969
 MINIMUM TEMPERATURE (F)   39        21      1946


SUNRISE AND SUNSET
APRIL 17 2015.........SUNRISE   649 AM EDT   SUNSET   811 PM EDT
APRIL 18 2015.........SUNRISE   647 AM EDT   SUNSET   813 PM EDT


-  INDICATES NEGATIVE NUMBERS.
R  INDICATES RECORD WAS SET OR TIED.
MM INDICATES DATA IS MISSING.
T  INDICATES TRACE AMOUNT.




$$
