000
CDUS41 KCLE 300545
CLIMFD


CLIMATE REPORT
NATIONAL WEATHER SERVICE CLEVELAND OH
145 AM EDT THU APR 30 2015


...................................

...THE MANSFIELD OH CLIMATE SUMMARY FOR APRIL 29 2015...

CLIMATE NORMAL PERIOD 1981 TO 2010
CLIMATE RECORD PERIOD 1916 TO 2015


WEATHER ITEM   OBSERVED TIME   RECORD YEAR NORMAL DEPARTURE LAST
                VALUE   (LST)  VALUE       VALUE  FROM      YEAR
                                                  NORMAL
..................................................................
TEMPERATURE (F)
 YESTERDAY
  MAXIMUM         66    405 PM  81    1942  65      1       73
  MINIMUM         36    502 AM  24    1977  43     -7       52
  AVERAGE         51                        54     -3       63

PRECIPITATION (IN)
  YESTERDAY        0.00                      0.14  -0.14     1.38
  MONTH TO DATE    5.01                      4.01   1.00     6.72
  SINCE MAR 1      7.88                      7.40   0.48     8.56
  SINCE JAN 1     13.04                     12.66   0.38    12.89

SNOWFALL (IN)
  YESTERDAY        0.0                       0.0    0.0      0.0
  MONTH TO DATE    0.0                       2.6   -2.6      1.0
  SINCE MAR 1     10.7                      10.4    0.3     11.5
  SINCE JUL 1     63.2                      48.3   14.9     65.4
  SNOW DEPTH       0

DEGREE DAYS
 HEATING
  YESTERDAY       14                        12      2        2
  MONTH TO DATE  405                       482    -77      433
  SINCE MAR 1   1358                      1347     11     1460
  SINCE JUL 1   6430                      5972    458     6504

 COOLING
  YESTERDAY        0                         0      0        0
  MONTH TO DATE    0                         0      0        2
  SINCE MAR 1      0                         1     -1        2
  SINCE JAN 1      0                         1     -1        2
..................................................................


WIND (MPH)
  HIGHEST WIND SPEED    13   HIGHEST WIND DIRECTION     N (360)
  HIGHEST GUST SPEED    18   HIGHEST GUST DIRECTION    NE (30)
  AVERAGE WIND SPEED     3.7


SKY COVER
  POSSIBLE SUNSHINE  MM
  AVERAGE SKY COVER 0.1


WEATHER CONDITIONS
 THE FOLLOWING WEATHER WAS RECORDED YESTERDAY.
  NO SIGNIFICANT WEATHER WAS OBSERVED.


RELATIVE HUMIDITY (PERCENT)
 HIGHEST    92           500 AM
 LOWEST     36           500 PM
 AVERAGE    64

..........................................................


THE MANSFIELD OH CLIMATE NORMALS FOR TODAY
                         NORMAL    RECORD    YEAR
 MAXIMUM TEMPERATURE (F)   65        87      1942
 MINIMUM TEMPERATURE (F)   43        23      1958


SUNRISE AND SUNSET
APRIL 30 2015.........SUNRISE   630 AM EDT   SUNSET   825 PM EDT
MAY  1 2015...........SUNRISE   629 AM EDT   SUNSET   826 PM EDT


-  INDICATES NEGATIVE NUMBERS.
R  INDICATES RECORD WAS SET OR TIED.
MM INDICATES DATA IS MISSING.
T  INDICATES TRACE AMOUNT.




$$
