000
CDUS41 KCLE 182112
CLIMFD


CLIMATE REPORT
NATIONAL WEATHER SERVICE CLEVELAND OH
511 PM EDT SAT APR 18 2015


...................................

...THE MANSFIELD OH CLIMATE SUMMARY FOR APRIL 18 2015...
VALID TODAY AS OF 0500 PM LOCAL TIME.

CLIMATE NORMAL PERIOD 1981 TO 2010
CLIMATE RECORD PERIOD 1916 TO 2015


WEATHER ITEM   OBSERVED TIME   RECORD YEAR NORMAL DEPARTURE LAST
                VALUE   (LST)  VALUE       VALUE  FROM      YEAR
                                                  NORMAL
..................................................................
TEMPERATURE (F)
 TODAY
  MAXIMUM         77    105 PM  82    2013  61     16       67
                                      2002
                                      1976
  MINIMUM         49    437 AM  23    1990  39     10       41
  AVERAGE         63                        50     13       54

PRECIPITATION (IN)
  TODAY            0.00                      0.14  -0.14     0.00
  MONTH TO DATE    4.59                      2.52   2.07     3.98
  SINCE MAR 1      7.46                      5.91   1.55     5.82
  SINCE JAN 1     12.62                     11.17   1.45    10.15

SNOWFALL (IN)
  TODAY            0.0                       0.1   -0.1      0.0
  MONTH TO DATE    0.0                       2.2   -2.2      1.0
  SINCE MAR 1     10.7                      10.0    0.7     11.5
  SINCE JUL 1     63.2                      47.9   15.3     65.4
  SNOW DEPTH       0

DEGREE DAYS
 HEATING
  TODAY            2                        15    -13       11
  MONTH TO DATE  200                       335   -135      289
  SINCE MAR 1   1153                      1200    -47     1316
  SINCE JUL 1   6225                      5825    400     6360

 COOLING
  TODAY            0                         0      0        0
  MONTH TO DATE    0                         0      0        2
  SINCE MAR 1      0                         1     -1        2
  SINCE JAN 1      0                         1     -1        2
..................................................................


WIND (MPH)
  HIGHEST WIND SPEED    16   HIGHEST WIND DIRECTION     N (350)
  HIGHEST GUST SPEED    20   HIGHEST GUST DIRECTION     N (10)


SKY COVER
  POSSIBLE SUNSHINE  MM
  AVERAGE SKY COVER 0.0


WEATHER CONDITIONS
 THE FOLLOWING WEATHER WAS RECORDED TODAY.
  NO SIGNIFICANT WEATHER WAS OBSERVED.


RELATIVE HUMIDITY (PERCENT)
 HIGHEST    71           200 AM
 LOWEST     29          1200 PM
 AVERAGE    50

..........................................................


THE MANSFIELD OH CLIMATE NORMALS FOR TOMORROW
                         NORMAL    RECORD    YEAR
 MAXIMUM TEMPERATURE (F)   61        83      2002
 MINIMUM TEMPERATURE (F)   39        24      1926


SUNRISE AND SUNSET
APRIL 18 2015.........SUNRISE   647 AM EDT   SUNSET   813 PM EDT
APRIL 19 2015.........SUNRISE   646 AM EDT   SUNSET   814 PM EDT


-  INDICATES NEGATIVE NUMBERS.
R  INDICATES RECORD WAS SET OR TIED.
MM INDICATES DATA IS MISSING.
T  INDICATES TRACE AMOUNT.




$$
