000
CDUS41 KCLE 081053
CLIMFD


CLIMATE REPORT
NATIONAL WEATHER SERVICE CLEVELAND OH
653 AM EDT WED APR 8 2015


...................................

...THE MANSFIELD OH CLIMATE SUMMARY FOR APRIL 7 2015...

CLIMATE NORMAL PERIOD 1981 TO 2010
CLIMATE RECORD PERIOD 1916 TO 2015


WEATHER ITEM   OBSERVED TIME   RECORD YEAR NORMAL DEPARTURE LAST
                VALUE   (LST)  VALUE       VALUE  FROM      YEAR
                                                  NORMAL
..................................................................
TEMPERATURE (F)
 YESTERDAY
  MAXIMUM         61    318 PM  82    1921  56      5       54
  MINIMUM         48   1159 PM   8    1982  35     13       39
  AVERAGE         55                        46      9       47

PRECIPITATION (IN)
  YESTERDAY        0.49                      0.14   0.35     0.66
  MONTH TO DATE    1.69                      0.95   0.74     1.96
  SINCE MAR 1      4.56                      4.34   0.22     3.80
  SINCE JAN 1      9.72                      9.60   0.12     8.13

SNOWFALL (IN)
  YESTERDAY        0.0                       0.1   -0.1      0.0
  MONTH TO DATE    0.0                       1.0   -1.0      0.0
  SINCE MAR 1     10.7                       8.8    1.9     10.5
  SINCE JUL 1     63.2                      46.7   16.5     64.4
  SNOW DEPTH       0

DEGREE DAYS
 HEATING
  YESTERDAY       10                        20    -10       18
  MONTH TO DATE  111                       146    -35      124
  SINCE MAR 1   1064                      1011     53     1151
  SINCE JUL 1   6136                      5636    500     6195

 COOLING
  YESTERDAY        0                         0      0        0
  MONTH TO DATE    0                         0      0        0
  SINCE MAR 1      0                         1     -1        0
  SINCE JAN 1      0                         1     -1        0
..................................................................


WIND (MPH)
  HIGHEST WIND SPEED    18   HIGHEST WIND DIRECTION     E (90)
  HIGHEST GUST SPEED    21   HIGHEST GUST DIRECTION     E (100)
  AVERAGE WIND SPEED     6.2


SKY COVER
  POSSIBLE SUNSHINE  MM
  AVERAGE SKY COVER 1.0


WEATHER CONDITIONS
 THE FOLLOWING WEATHER WAS RECORDED YESTERDAY.
  THUNDERSTORM
  HEAVY RAIN
  RAIN
  LIGHT RAIN
  FOG
  FOG W/VISIBILITY <= 1/4 MILE


RELATIVE HUMIDITY (PERCENT)
 HIGHEST   100          1200 AM
 LOWEST     90           200 PM
 AVERAGE    95

..........................................................


THE MANSFIELD OH CLIMATE NORMALS FOR TODAY
                         NORMAL    RECORD    YEAR
 MAXIMUM TEMPERATURE (F)   56        80      2001
 MINIMUM TEMPERATURE (F)   36        15      1982
                                             1972


SUNRISE AND SUNSET
APRIL  8 2015.........SUNRISE   703 AM EDT   SUNSET   802 PM EDT
APRIL  9 2015.........SUNRISE   701 AM EDT   SUNSET   803 PM EDT


-  INDICATES NEGATIVE NUMBERS.
R  INDICATES RECORD WAS SET OR TIED.
MM INDICATES DATA IS MISSING.
T  INDICATES TRACE AMOUNT.




$$
