000
CDUS41 KCLE 240540
CLIMFD


CLIMATE REPORT
NATIONAL WEATHER SERVICE CLEVELAND OH
127 AM EDT FRI APR 24 2015


...................................

...THE MANSFIELD OH CLIMATE SUMMARY FOR APRIL 23 2015...

CLIMATE NORMAL PERIOD 1981 TO 2010
CLIMATE RECORD PERIOD 1916 TO 2015


WEATHER ITEM   OBSERVED TIME   RECORD YEAR NORMAL DEPARTURE LAST
                VALUE   (LST)  VALUE       VALUE  FROM      YEAR
                                                  NORMAL
..................................................................
TEMPERATURE (F)
 YESTERDAY
  MAXIMUM         43    301 PM  86    1925  62    -19       50
  MINIMUM         33   1159 PM  22    1959  41     -8       37
                                      1936
  AVERAGE         38                        52    -14       44

PRECIPITATION (IN)
  YESTERDAY        0.00                      0.14  -0.14     0.00
  MONTH TO DATE    4.99                      3.21   1.78     4.06
  SINCE MAR 1      7.86                      6.60   1.26     5.90
  SINCE JAN 1     13.02                     11.86   1.16    10.23

SNOWFALL (IN)
  YESTERDAY        0.0                       0.0    0.0      0.0
  MONTH TO DATE    0.0                       2.4   -2.4      1.0
  SINCE MAR 1     10.7                      10.2    0.5     11.5
  SINCE JUL 1     63.2                      48.1   15.1     65.4
  SNOW DEPTH       0

DEGREE DAYS
 HEATING
  YESTERDAY       27                        14     13       21
  MONTH TO DATE  280                       407   -127      351
  SINCE MAR 1   1233                      1272    -39     1378
  SINCE JUL 1   6305                      5897    408     6422

 COOLING
  YESTERDAY        0                         0      0        0
  MONTH TO DATE    0                         0      0        2
  SINCE MAR 1      0                         1     -1        2
  SINCE JAN 1      0                         1     -1        2
..................................................................


WIND (MPH)
  HIGHEST WIND SPEED    21   HIGHEST WIND DIRECTION     W (270)
  HIGHEST GUST SPEED    30   HIGHEST GUST DIRECTION     W (270)
  AVERAGE WIND SPEED     9.6


SKY COVER
  POSSIBLE SUNSHINE  MM
  AVERAGE SKY COVER 0.8


WEATHER CONDITIONS
 THE FOLLOWING WEATHER WAS RECORDED YESTERDAY.
  NO SIGNIFICANT WEATHER WAS OBSERVED.


RELATIVE HUMIDITY (PERCENT)
 HIGHEST    75          1200 AM
 LOWEST     49          1100 AM
 AVERAGE    62

..........................................................


THE MANSFIELD OH CLIMATE NORMALS FOR TODAY
                         NORMAL    RECORD    YEAR
 MAXIMUM TEMPERATURE (F)   63        87      1925
 MINIMUM TEMPERATURE (F)   41        24      1930


SUNRISE AND SUNSET
APRIL 24 2015.........SUNRISE   638 AM EDT   SUNSET   819 PM EDT
APRIL 25 2015.........SUNRISE   637 AM EDT   SUNSET   820 PM EDT


-  INDICATES NEGATIVE NUMBERS.
R  INDICATES RECORD WAS SET OR TIED.
MM INDICATES DATA IS MISSING.
T  INDICATES TRACE AMOUNT.




$$
