000
CDUS41 KCLE 310718
CLIMFD


CLIMATE REPORT
NATIONAL WEATHER SERVICE CLEVELAND OH
317 AM EDT TUE MAR 31 2015


...................................

...THE MANSFIELD OH CLIMATE SUMMARY FOR MARCH 30 2015...

CLIMATE NORMAL PERIOD 1981 TO 2010
CLIMATE RECORD PERIOD 1916 TO 2015


WEATHER ITEM   OBSERVED TIME   RECORD YEAR NORMAL DEPARTURE LAST
                VALUE   (LST)  VALUE       VALUE  FROM      YEAR
                                                  NORMAL
..................................................................
TEMPERATURE (F)
 YESTERDAY
  MAXIMUM         53    423 PM  82    1986  52      1       44
  MINIMUM         36    648 AM  12    1941  33      3       25
  AVERAGE         45                        42      3       35

PRECIPITATION (IN)
  YESTERDAY        0.01                      0.13  -0.12     0.00
  MONTH TO DATE    2.87                      3.26  -0.39     1.84
  SINCE MAR 1      2.87                      3.26  -0.39     1.84
  SINCE JAN 1      8.03                      8.52  -0.49     6.17

SNOWFALL (IN)
  YESTERDAY       MM                         0.2   MM        0.0
  MONTH TO DATE   10.7                       7.7    3.0     10.5
  SINCE MAR 1     10.7                       7.7    3.0     10.5
  SINCE JUL 1     63.2                      45.6   17.6     64.4
  SNOW DEPTH       0

DEGREE DAYS
 HEATING
  YESTERDAY       20                        23     -3       30
  MONTH TO DATE  931                       844     87     1007
  SINCE MAR 1    931                       844     87     1007
  SINCE JUL 1   6003                      5469    534     6051

 COOLING
  YESTERDAY        0                         0      0        0
  MONTH TO DATE    0                         0      0        0
  SINCE MAR 1      0                         0      0        0
  SINCE JAN 1      0                         0      0        0
..................................................................


WIND (MPH)
  HIGHEST WIND SPEED    26   HIGHEST WIND DIRECTION    SW (220)
  HIGHEST GUST SPEED    36   HIGHEST GUST DIRECTION    SW (210)
  AVERAGE WIND SPEED    12.5


SKY COVER
  POSSIBLE SUNSHINE  MM
  AVERAGE SKY COVER 0.5


WEATHER CONDITIONS
 THE FOLLOWING WEATHER WAS RECORDED YESTERDAY.
  LIGHT RAIN


RELATIVE HUMIDITY (PERCENT)
 HIGHEST    85           300 AM
 LOWEST     35           500 PM
 AVERAGE    60

..........................................................


THE MANSFIELD OH CLIMATE NORMALS FOR TODAY
                         NORMAL    RECORD    YEAR
 MAXIMUM TEMPERATURE (F)   53        80      1986
 MINIMUM TEMPERATURE (F)   33         5      1923


SUNRISE AND SUNSET
MARCH 31 2015.........SUNRISE   716 AM EDT   SUNSET   754 PM EDT
APRIL  1 2015.........SUNRISE   714 AM EDT   SUNSET   755 PM EDT


-  INDICATES NEGATIVE NUMBERS.
R  INDICATES RECORD WAS SET OR TIED.
MM INDICATES DATA IS MISSING.
T  INDICATES TRACE AMOUNT.




$$
