000
CDUS41 KCLE 160526
CLIMFD


CLIMATE REPORT
NATIONAL WEATHER SERVICE CLEVELAND OH
125 AM EDT THU APR 16 2015


...................................

...THE MANSFIELD OH CLIMATE SUMMARY FOR APRIL 15 2015...

CLIMATE NORMAL PERIOD 1981 TO 2010
CLIMATE RECORD PERIOD 1916 TO 2015


WEATHER ITEM   OBSERVED TIME   RECORD YEAR NORMAL DEPARTURE LAST
                VALUE   (LST)  VALUE       VALUE  FROM      YEAR
                                                  NORMAL
..................................................................
TEMPERATURE (F)
 YESTERDAY
  MAXIMUM         65    429 PM  82    2010  59      6       43
  MINIMUM         43    407 AM  15    1957  38      5       26
  AVERAGE         54                        49      5       35

PRECIPITATION (IN)
  YESTERDAY        0.00                      0.14  -0.14     0.46
  MONTH TO DATE    4.58                      2.10   2.48     3.98
  SINCE MAR 1      7.45                      5.49   1.96     5.82
  SINCE JAN 1     12.61                     10.75   1.86    10.15

SNOWFALL (IN)
  YESTERDAY        0.0                       0.1   -0.1      1.0
  MONTH TO DATE    0.0                       1.9   -1.9      1.0
  SINCE MAR 1     10.7                       9.7    1.0     11.5
  SINCE JUL 1     63.2                      47.6   15.6     65.4
  SNOW DEPTH       0

DEGREE DAYS
 HEATING
  YESTERDAY       11                        16     -5       30
  MONTH TO DATE  183                       288   -105      229
  SINCE MAR 1   1136                      1153    -17     1256
  SINCE JUL 1   6208                      5778    430     6300

 COOLING
  YESTERDAY        0                         0      0        0
  MONTH TO DATE    0                         0      0        2
  SINCE MAR 1      0                         1     -1        2
  SINCE JAN 1      0                         1     -1        2
..................................................................


WIND (MPH)
  HIGHEST WIND SPEED    21   HIGHEST WIND DIRECTION     E (90)
  HIGHEST GUST SPEED    26   HIGHEST GUST DIRECTION     E (90)
  AVERAGE WIND SPEED    11.3


SKY COVER
  POSSIBLE SUNSHINE  MM
  AVERAGE SKY COVER 0.0


WEATHER CONDITIONS
 THE FOLLOWING WEATHER WAS RECORDED YESTERDAY.
  NO SIGNIFICANT WEATHER WAS OBSERVED.


RELATIVE HUMIDITY (PERCENT)
 HIGHEST    46           900 PM
 LOWEST     22           300 PM
 AVERAGE    34

..........................................................


THE MANSFIELD OH CLIMATE NORMALS FOR TODAY
                         NORMAL    RECORD    YEAR
 MAXIMUM TEMPERATURE (F)   60        84      2002
 MINIMUM TEMPERATURE (F)   38        16      1935


SUNRISE AND SUNSET
APRIL 16 2015.........SUNRISE   650 AM EDT   SUNSET   810 PM EDT
APRIL 17 2015.........SUNRISE   649 AM EDT   SUNSET   811 PM EDT


-  INDICATES NEGATIVE NUMBERS.
R  INDICATES RECORD WAS SET OR TIED.
MM INDICATES DATA IS MISSING.
T  INDICATES TRACE AMOUNT.




$$
