000
CXUS51 KCLE 052148
CLMMFD


CLIMATE REPORT
NATIONAL WEATHER SERVICE CLEVELAND OH
425 PM EST MON JAN 5 2015

...................................

...THE MANSFIELD OH CLIMATE SUMMARY FOR THE MONTH OF DECEMBER 2014...

CLIMATE NORMAL PERIOD 1981 TO 2010
CLIMATE RECORD PERIOD 1916 TO 2015

WEATHER         OBSERVED          NORMAL  DEPART  LAST YEAR`S
                 VALUE   DATE(S)  VALUE   FROM    VALUE
                                          NORMAL
.............................................................
TEMPERATURE (F)
RECORD
 HIGH              73   12/03/1982
 LOW              -17   12/22/1989
HIGHEST            56   12/24
LOWEST             11   12/31
AVG. MAXIMUM     39.7              36.5     3.2     37.3
AVG. MINIMUM     27.6              22.8     4.8     23.5
MEAN             33.7              29.7     4.0     30.4
DAYS MAX >= 90      0               0.0     0.0        0
DAYS MAX <= 32      6              11.5    -5.5       15
DAYS MIN <= 32     23              25.4    -2.4       25
DAYS MIN <= 0       0               1.0    -1.0        0

PRECIPITATION (INCHES)
RECORD
 MAXIMUM        11.19   1990
 MINIMUM         0.74   1976
TOTALS           1.86              3.29   -1.43     4.07
DAYS >= .01        11              14.9    -3.9       16
DAYS >= .10         5               7.3    -2.3        7
DAYS >= .50         1               1.9    -0.9        2
DAYS >= 1.00        0               0.7    -0.7        1
GREATEST
 24 HR. TOTAL    0.97   12/05 TO 12/06              2.29

SNOWFALL (INCHES)
RECORDS
 TOTAL           28.7   2004
TOTALS            0.2              10.5   -10.3     15.3
SINCE 7/1         6.1              13.2    -7.1     16.9
DAYS >= 1.0         0               3.0    -3.0        4
GREATEST
 24 HR TOTAL      0.2   12/10 TO 12/10

DEGREE_DAYS
HEATING TOTAL     963              1096    -133     1067
 SINCE 7/1       2351              2377     -26     2399
COOLING TOTAL       0                 0       0        0
 SINCE 1/1        623               632      -9      741
..............................................................

WIND (MPH)
AVERAGE WIND SPEED              9.2
HIGHEST WIND SPEED/DIRECTION    29/250    DATE  12/24
HIGHEST GUST SPEED/DIRECTION    43/250    DATE  12/24

SKY COVER
AVERAGE SKY COVER           0.70

AVERAGE RH (PERCENT)     81

WEATHER CONDITIONS. NUMBER OF DAYS WITH
THUNDERSTORM              0     MIXED PRECIP               0
HEAVY RAIN                1     RAIN                       2
LIGHT RAIN                7     FREEZING RAIN              0
LT FREEZING RAIN          0     HAIL                       0
HEAVY SNOW                0     SNOW                       0
LIGHT SNOW                6     SLEET                      1
FOG                      24     FOG W/VIS <= 1/4 MILE      2
HAZE                      6

-  INDICATES NEGATIVE NUMBERS.
R  INDICATES RECORD WAS SET OR TIED.
MM INDICATES DATA IS MISSING.
T  INDICATES TRACE AMOUNT.

$$
