000
CDUS41 KCLE 140526
CLITOL


CLIMATE REPORT
NATIONAL WEATHER SERVICE CLEVELAND OH
126 AM EDT TUE APR 14 2015


...................................

...THE TOLEDO OH CLIMATE SUMMARY FOR APRIL 13 2015...

CLIMATE NORMAL PERIOD 1981 TO 2010
CLIMATE RECORD PERIOD 1873 TO 2015


WEATHER ITEM   OBSERVED TIME   RECORD YEAR NORMAL DEPARTURE LAST
                VALUE   (LST)  VALUE       VALUE  FROM      YEAR
                                                  NORMAL
..................................................................
TEMPERATURE (F)
 YESTERDAY
  MAXIMUM         74   1227 PM  86    1977  59     15       76
  MINIMUM         44   1038 PM  19    1976  38      6       58
                                      1950
  AVERAGE         59                        48     11       67

PRECIPITATION (IN)
  YESTERDAY        0.07                      0.11  -0.04     0.00
  MONTH TO DATE    1.75                      1.37   0.38     1.88
  SINCE MAR 1      3.09                      3.85  -0.76     3.27
  SINCE JAN 1      6.71                      7.97  -1.26    10.45

SNOWFALL (IN)
  YESTERDAY        0.0                       0.1   -0.1      0.0
  MONTH TO DATE    0.0                       0.9   -0.9       T
  SINCE MAR 1      5.4                       6.6   -1.2     11.8
  SINCE JUL 1     45.7                      37.1    8.6     85.3
  SNOW DEPTH       0

DEGREE DAYS
 HEATING
  YESTERDAY        6                        17    -11        0
  MONTH TO DATE  211                       246    -35      216
  SINCE MAR 1   1201                      1096    105     1334
  SINCE JUL 1   6457                      5672    785     6660

 COOLING
  YESTERDAY        0                         0      0        2
  MONTH TO DATE    0                         0      0        2
  SINCE MAR 1      0                         0      0        2
  SINCE JAN 1      0                         0      0        2
..................................................................


WIND (MPH)
  HIGHEST WIND SPEED    31   HIGHEST WIND DIRECTION    SW (240)
  HIGHEST GUST SPEED    38   HIGHEST GUST DIRECTION     W (280)
  AVERAGE WIND SPEED     9.3


SKY COVER
  POSSIBLE SUNSHINE  MM
  AVERAGE SKY COVER 0.4


WEATHER CONDITIONS
 THE FOLLOWING WEATHER WAS RECORDED YESTERDAY.
  RAIN
  LIGHT RAIN
  FOG


RELATIVE HUMIDITY (PERCENT)
 HIGHEST    93           200 PM
 LOWEST     39           700 PM
 AVERAGE    66

..........................................................


THE TOLEDO OH CLIMATE NORMALS FOR TODAY
                         NORMAL    RECORD    YEAR
 MAXIMUM TEMPERATURE (F)   60        83      1941
 MINIMUM TEMPERATURE (F)   38        20      1973


SUNRISE AND SUNSET
APRIL 14 2015.........SUNRISE   657 AM EDT   SUNSET   814 PM EDT
APRIL 15 2015.........SUNRISE   656 AM EDT   SUNSET   816 PM EDT


-  INDICATES NEGATIVE NUMBERS.
R  INDICATES RECORD WAS SET OR TIED.
MM INDICATES DATA IS MISSING.
T  INDICATES TRACE AMOUNT.




$$
