000
CDUS41 KCLE 010539
CLITOL


CLIMATE REPORT
NATIONAL WEATHER SERVICE CLEVELAND OH
126 AM EDT FRI MAY 1 2015


...................................

...THE TOLEDO OH CLIMATE SUMMARY FOR APRIL 30 2015...

CLIMATE NORMAL PERIOD 1981 TO 2010
CLIMATE RECORD PERIOD 1873 TO 2015


WEATHER ITEM   OBSERVED TIME   RECORD YEAR NORMAL DEPARTURE LAST
                VALUE   (LST)  VALUE       VALUE  FROM      YEAR
                                                  NORMAL
..................................................................
TEMPERATURE (F)
 YESTERDAY
  MAXIMUM         53    142 PM  89    1942  66    -13       69
  MINIMUM         45    521 AM  30    1961  44      1       50
                                      1958
                                      1876
  AVERAGE         49                        55     -6       60

PRECIPITATION (IN)
  YESTERDAY        0.17                      0.10   0.07      T
  MONTH TO DATE    2.69                      3.19  -0.50     3.31
  SINCE MAR 1      4.03                      5.67  -1.64     4.70
  SINCE JAN 1      7.65                      9.79  -2.14    11.88

SNOWFALL (IN)
  YESTERDAY        0.0                       0.0    0.0      0.0
  MONTH TO DATE    0.0                       1.3   -1.3      1.0
  SINCE MAR 1      5.4                       7.0   -1.6     12.8
  SINCE JUL 1     45.7                      37.5    8.2     86.3
  SNOW DEPTH       0

DEGREE DAYS
 HEATING
  YESTERDAY       16                        11      5        5
  MONTH TO DATE  483                       476      7      481
  SINCE MAR 1   1473                      1326    147     1599
  SINCE JUL 1   6729                      5902    827     6925

 COOLING
  YESTERDAY        0                         0      0        0
  MONTH TO DATE    0                         8     -8        2
  SINCE MAR 1      0                         8     -8        2
  SINCE JAN 1      0                         8     -8        2
..................................................................


WIND (MPH)
  HIGHEST WIND SPEED    22   HIGHEST WIND DIRECTION    NE (60)
  HIGHEST GUST SPEED    25   HIGHEST GUST DIRECTION    NE (60)
  AVERAGE WIND SPEED     6.6


SKY COVER
  POSSIBLE SUNSHINE  MM
  AVERAGE SKY COVER 0.9


WEATHER CONDITIONS
 THE FOLLOWING WEATHER WAS RECORDED YESTERDAY.
  RAIN
  LIGHT RAIN
  FOG


RELATIVE HUMIDITY (PERCENT)
 HIGHEST   100           500 AM
 LOWEST     63           200 PM
 AVERAGE    82

..........................................................


THE TOLEDO OH CLIMATE NORMALS FOR TODAY
                         NORMAL    RECORD    YEAR
 MAXIMUM TEMPERATURE (F)   66        88      1942
 MINIMUM TEMPERATURE (F)   44        28      1978
                                             1963
                                             1945


SUNRISE AND SUNSET
MAY  1 2015...........SUNRISE   632 AM EDT   SUNSET   833 PM EDT
MAY  2 2015...........SUNRISE   631 AM EDT   SUNSET   834 PM EDT


-  INDICATES NEGATIVE NUMBERS.
R  INDICATES RECORD WAS SET OR TIED.
MM INDICATES DATA IS MISSING.
T  INDICATES TRACE AMOUNT.




$$
