000
CDUS41 KCLE 300545
CLITOL


CLIMATE REPORT
NATIONAL WEATHER SERVICE CLEVELAND OH
145 AM EDT THU APR 30 2015


...................................

...THE TOLEDO OH CLIMATE SUMMARY FOR APRIL 29 2015...

CLIMATE NORMAL PERIOD 1981 TO 2010
CLIMATE RECORD PERIOD 1873 TO 2015


WEATHER ITEM   OBSERVED TIME   RECORD YEAR NORMAL DEPARTURE LAST
                VALUE   (LST)  VALUE       VALUE  FROM      YEAR
                                                  NORMAL
..................................................................
TEMPERATURE (F)
 YESTERDAY
  MAXIMUM         68    215 PM  87    1899  66      2       76
  MINIMUM         34    602 AM  25    1874  43     -9       48
  AVERAGE         51                        54     -3       62

PRECIPITATION (IN)
  YESTERDAY        0.00                      0.11  -0.11     0.77
  MONTH TO DATE    2.52                      3.09  -0.57     3.31
  SINCE MAR 1      3.86                      5.57  -1.71     4.70
  SINCE JAN 1      7.48                      9.69  -2.21    11.88

SNOWFALL (IN)
  YESTERDAY        0.0                       0.0    0.0      0.0
  MONTH TO DATE    0.0                       1.3   -1.3      1.0
  SINCE MAR 1      5.4                       7.0   -1.6     12.8
  SINCE JUL 1     45.7                      37.5    8.2     86.3
  SNOW DEPTH       0

DEGREE DAYS
 HEATING
  YESTERDAY       14                        11      3        3
  MONTH TO DATE  467                       465      2      476
  SINCE MAR 1   1457                      1315    142     1594
  SINCE JUL 1   6713                      5891    822     6920

 COOLING
  YESTERDAY        0                         0      0        0
  MONTH TO DATE    0                         0      0        2
  SINCE MAR 1      0                         0      0        2
  SINCE JAN 1      0                         0      0        2
..................................................................


WIND (MPH)
  HIGHEST WIND SPEED    17   HIGHEST WIND DIRECTION     N (350)
  HIGHEST GUST SPEED    24   HIGHEST GUST DIRECTION     N (350)
  AVERAGE WIND SPEED     4.2


SKY COVER
  POSSIBLE SUNSHINE  MM
  AVERAGE SKY COVER 0.4


WEATHER CONDITIONS
 THE FOLLOWING WEATHER WAS RECORDED YESTERDAY.
  NO SIGNIFICANT WEATHER WAS OBSERVED.


RELATIVE HUMIDITY (PERCENT)
 HIGHEST    92           600 AM
 LOWEST     34           300 PM
 AVERAGE    63

..........................................................


THE TOLEDO OH CLIMATE NORMALS FOR TODAY
                         NORMAL    RECORD    YEAR
 MAXIMUM TEMPERATURE (F)   66        89      1942
 MINIMUM TEMPERATURE (F)   44        30      1961
                                             1958
                                             1876


SUNRISE AND SUNSET
APRIL 30 2015.........SUNRISE   634 AM EDT   SUNSET   832 PM EDT
MAY  1 2015...........SUNRISE   632 AM EDT   SUNSET   833 PM EDT


-  INDICATES NEGATIVE NUMBERS.
R  INDICATES RECORD WAS SET OR TIED.
MM INDICATES DATA IS MISSING.
T  INDICATES TRACE AMOUNT.




$$
