000
CDUS41 KCLE 270545
CLITOL


CLIMATE REPORT
NATIONAL WEATHER SERVICE CLEVELAND OH
145 AM EDT MON APR 27 2015


...................................

...THE TOLEDO OH CLIMATE SUMMARY FOR APRIL 26 2015...

CLIMATE NORMAL PERIOD 1981 TO 2010
CLIMATE RECORD PERIOD 1873 TO 2015


WEATHER ITEM   OBSERVED TIME   RECORD YEAR NORMAL DEPARTURE LAST
                VALUE   (LST)  VALUE       VALUE  FROM      YEAR
                                                  NORMAL
..................................................................
TEMPERATURE (F)
 YESTERDAY
  MAXIMUM         60    407 PM  89    1915  64     -4       62
  MINIMUM         33    615 AM  25    1972  42     -9       40
  AVERAGE         47                        53     -6       51

PRECIPITATION (IN)
  YESTERDAY        0.00                      0.10  -0.10     0.00
  MONTH TO DATE    2.52                      2.77  -0.25     2.44
  SINCE MAR 1      3.86                      5.25  -1.39     3.83
  SINCE JAN 1      7.48                      9.37  -1.89    11.01

SNOWFALL (IN)
  YESTERDAY        0.0                       0.1   -0.1      0.0
  MONTH TO DATE    0.0                       1.3   -1.3      1.0
  SINCE MAR 1      5.4                       7.0   -1.6     12.8
  SINCE JUL 1     45.7                      37.5    8.2     86.3
  SNOW DEPTH       0

DEGREE DAYS
 HEATING
  YESTERDAY       18                        12      6       14
  MONTH TO DATE  416                       431    -15      435
  SINCE MAR 1   1406                      1281    125     1553
  SINCE JUL 1   6662                      5857    805     6879

 COOLING
  YESTERDAY        0                         0      0        0
  MONTH TO DATE    0                         0      0        2
  SINCE MAR 1      0                         0      0        2
  SINCE JAN 1      0                         0      0        2
..................................................................


WIND (MPH)
  HIGHEST WIND SPEED    20   HIGHEST WIND DIRECTION    NE (30)
  HIGHEST GUST SPEED    29   HIGHEST GUST DIRECTION    NE (50)
  AVERAGE WIND SPEED     9.1


SKY COVER
  POSSIBLE SUNSHINE  MM
  AVERAGE SKY COVER 0.3


WEATHER CONDITIONS
 THE FOLLOWING WEATHER WAS RECORDED YESTERDAY.
  NO SIGNIFICANT WEATHER WAS OBSERVED.


RELATIVE HUMIDITY (PERCENT)
 HIGHEST    75           500 AM
 LOWEST     30           400 PM
 AVERAGE    53

..........................................................


THE TOLEDO OH CLIMATE NORMALS FOR TODAY
                         NORMAL    RECORD    YEAR
 MAXIMUM TEMPERATURE (F)   65        88      1990
 MINIMUM TEMPERATURE (F)   43        27      1971


SUNRISE AND SUNSET
APRIL 27 2015.........SUNRISE   638 AM EDT   SUNSET   829 PM EDT
APRIL 28 2015.........SUNRISE   636 AM EDT   SUNSET   830 PM EDT


-  INDICATES NEGATIVE NUMBERS.
R  INDICATES RECORD WAS SET OR TIED.
MM INDICATES DATA IS MISSING.
T  INDICATES TRACE AMOUNT.




$$
