000
CDUS41 KCLE 090609
CLITOL


CLIMATE REPORT
NATIONAL WEATHER SERVICE CLEVELAND OH
208 AM EDT THU APR 9 2015


...................................

...THE TOLEDO OH CLIMATE SUMMARY FOR APRIL 8 2015...

CLIMATE NORMAL PERIOD 1981 TO 2010
CLIMATE RECORD PERIOD 1873 TO 2015


WEATHER ITEM   OBSERVED TIME   RECORD YEAR NORMAL DEPARTURE LAST
                VALUE   (LST)  VALUE       VALUE  FROM      YEAR
                                                  NORMAL
..................................................................
TEMPERATURE (F)
 YESTERDAY
  MAXIMUM         47    335 PM  79    2001  57    -10       60
  MINIMUM         35    548 AM  10    1982  36     -1       39
  AVERAGE         41                        47     -6       50

PRECIPITATION (IN)
  YESTERDAY        0.01                      0.11  -0.10     0.18
  MONTH TO DATE    0.79                      0.82  -0.03     1.82
  SINCE MAR 1      2.13                      3.30  -1.17     3.21
  SINCE JAN 1      5.75                      7.42  -1.67    10.39

SNOWFALL (IN)
  YESTERDAY       MM                         0.0   MM        0.0
  MONTH TO DATE    0.0                       0.6   -0.6       T
  SINCE MAR 1      5.4                       6.3   -0.9     11.8
  SINCE JUL 1     45.7                      36.8    8.9     85.3
  SNOW DEPTH       0

DEGREE DAYS
 HEATING
  YESTERDAY       24                        19      5       15
  MONTH TO DATE  151                       159     -8      173
  SINCE MAR 1   1141                      1009    132     1291
  SINCE JUL 1   6397                      5585    812     6617

 COOLING
  YESTERDAY        0                         0      0        0
  MONTH TO DATE    0                         0      0        0
  SINCE MAR 1      0                         0      0        0
  SINCE JAN 1      0                         0      0        0
..................................................................


WIND (MPH)
  HIGHEST WIND SPEED    18   HIGHEST WIND DIRECTION    NE (60)
  HIGHEST GUST SPEED    23   HIGHEST GUST DIRECTION     E (70)
  AVERAGE WIND SPEED     7.7


SKY COVER
  POSSIBLE SUNSHINE  MM
  AVERAGE SKY COVER 1.0


WEATHER CONDITIONS
 THE FOLLOWING WEATHER WAS RECORDED YESTERDAY.
  LIGHT RAIN
  FOG
  FOG W/VISIBILITY <= 1/4 MILE


RELATIVE HUMIDITY (PERCENT)
 HIGHEST   100           100 AM
 LOWEST     86           400 PM
 AVERAGE    93

..........................................................


THE TOLEDO OH CLIMATE NORMALS FOR TODAY
                         NORMAL    RECORD    YEAR
 MAXIMUM TEMPERATURE (F)   58        80      1967
 MINIMUM TEMPERATURE (F)   37        15      1972
                                             1957


SUNRISE AND SUNSET
APRIL  9 2015.........SUNRISE   705 AM EDT   SUNSET   809 PM EDT
APRIL 10 2015.........SUNRISE   704 AM EDT   SUNSET   810 PM EDT


-  INDICATES NEGATIVE NUMBERS.
R  INDICATES RECORD WAS SET OR TIED.
MM INDICATES DATA IS MISSING.
T  INDICATES TRACE AMOUNT.




$$
