000
CDUS41 KCLE 100545
CLITOL


CLIMATE REPORT
NATIONAL WEATHER SERVICE CLEVELAND OH
145 AM EDT FRI APR 10 2015


...................................

...THE TOLEDO OH CLIMATE SUMMARY FOR APRIL 9 2015...

CLIMATE NORMAL PERIOD 1981 TO 2010
CLIMATE RECORD PERIOD 1873 TO 2015


WEATHER ITEM   OBSERVED TIME   RECORD YEAR NORMAL DEPARTURE LAST
                VALUE   (LST)  VALUE       VALUE  FROM      YEAR
                                                  NORMAL
..................................................................
TEMPERATURE (F)
 YESTERDAY
  MAXIMUM         69    639 PM  80    1967  58     11       58
  MINIMUM         38    741 AM  15    1972  37      1       36
                                      1957
  AVERAGE         54                        47      7       47

PRECIPITATION (IN)
  YESTERDAY        0.83                      0.11   0.72     0.00
  MONTH TO DATE    1.62                      0.93   0.69     1.82
  SINCE MAR 1      2.96                      3.41  -0.45     3.21
  SINCE JAN 1      6.58                      7.53  -0.95    10.39

SNOWFALL (IN)
  YESTERDAY       MM                         0.1   MM        0.0
  MONTH TO DATE    0.0                       0.7   -0.7       T
  SINCE MAR 1      5.4                       6.4   -1.0     11.8
  SINCE JUL 1     45.7                      36.9    8.8     85.3
  SNOW DEPTH       0

DEGREE DAYS
 HEATING
  YESTERDAY       11                        18     -7       18
  MONTH TO DATE  162                       177    -15      191
  SINCE MAR 1   1152                      1027    125     1309
  SINCE JUL 1   6408                      5603    805     6635

 COOLING
  YESTERDAY        0                         0      0        0
  MONTH TO DATE    0                         0      0        0
  SINCE MAR 1      0                         0      0        0
  SINCE JAN 1      0                         0      0        0
..................................................................


WIND (MPH)
  HIGHEST WIND SPEED    17   HIGHEST WIND DIRECTION    NW (320)
  HIGHEST GUST SPEED    25   HIGHEST GUST DIRECTION    SW (210)
  AVERAGE WIND SPEED     7.5


SKY COVER
  POSSIBLE SUNSHINE  MM
  AVERAGE SKY COVER 0.9


WEATHER CONDITIONS
 THE FOLLOWING WEATHER WAS RECORDED YESTERDAY.
  THUNDERSTORM
  HEAVY RAIN
  RAIN
  LIGHT RAIN
  FOG


RELATIVE HUMIDITY (PERCENT)
 HIGHEST   100           700 AM
 LOWEST     81          1100 PM
 AVERAGE    91

..........................................................


THE TOLEDO OH CLIMATE NORMALS FOR TODAY
                         NORMAL    RECORD    YEAR
 MAXIMUM TEMPERATURE (F)   58        84      2011
 MINIMUM TEMPERATURE (F)   37        18      1989


SUNRISE AND SUNSET
APRIL 10 2015.........SUNRISE   704 AM EDT   SUNSET   810 PM EDT
APRIL 11 2015.........SUNRISE   702 AM EDT   SUNSET   811 PM EDT


-  INDICATES NEGATIVE NUMBERS.
R  INDICATES RECORD WAS SET OR TIED.
MM INDICATES DATA IS MISSING.
T  INDICATES TRACE AMOUNT.




$$
