000
CDUS41 KCLE 162116
CLITOL


CLIMATE REPORT
NATIONAL WEATHER SERVICE CLEVELAND OH
515 PM EDT THU APR 16 2015


...................................

...THE TOLEDO OH CLIMATE SUMMARY FOR APRIL 16 2015...
VALID TODAY AS OF 0500 PM LOCAL TIME.

CLIMATE NORMAL PERIOD 1981 TO 2010
CLIMATE RECORD PERIOD 1873 TO 2015


WEATHER ITEM   OBSERVED TIME   RECORD YEAR NORMAL DEPARTURE LAST
                VALUE   (LST)  VALUE       VALUE  FROM      YEAR
                                                  NORMAL
..................................................................
TEMPERATURE (F)
 TODAY
  MAXIMUM         65    109 PM  88    2002  60      5       44
  MINIMUM         44    421 AM  19    2014  39      5       19
  AVERAGE         55                        50      5       32

PRECIPITATION (IN)
  TODAY            T                         0.11  -0.11     0.00
  MONTH TO DATE    1.75                      1.69   0.06     2.20
  SINCE MAR 1      3.09                      4.17  -1.08     3.59
  SINCE JAN 1      6.71                      8.29  -1.58    10.77

SNOWFALL (IN)
  TODAY            0.0                       0.0    0.0      0.0
  MONTH TO DATE    0.0                       1.0   -1.0      1.0
  SINCE MAR 1      5.4                       6.7   -1.3     12.8
  SINCE JUL 1     45.7                      37.2    8.5     86.3
  SNOW DEPTH       0

DEGREE DAYS
 HEATING
  TODAY           10                        16     -6       33
  MONTH TO DATE  251                       294    -43      297
  SINCE MAR 1   1241                      1144     97     1415
  SINCE JUL 1   6497                      5720    777     6741

 COOLING
  TODAY            0                         0      0        0
  MONTH TO DATE    0                         0      0        2
  SINCE MAR 1      0                         0      0        2
  SINCE JAN 1      0                         0      0        2
..................................................................


WIND (MPH)
  HIGHEST WIND SPEED    16   HIGHEST WIND DIRECTION     S (190)
  HIGHEST GUST SPEED    22   HIGHEST GUST DIRECTION    SE (140)


SKY COVER
  POSSIBLE SUNSHINE  MM
  AVERAGE SKY COVER 0.7


WEATHER CONDITIONS
 THE FOLLOWING WEATHER WAS RECORDED TODAY.
  LIGHT RAIN
  FOG


RELATIVE HUMIDITY (PERCENT)
 HIGHEST    65           600 AM
 LOWEST     46          1200 AM
 AVERAGE    56

..........................................................


THE TOLEDO OH CLIMATE NORMALS FOR TOMORROW
                         NORMAL    RECORD    YEAR
 MAXIMUM TEMPERATURE (F)   61        86      2002
                                             1896
 MINIMUM TEMPERATURE (F)   39        14      1875


SUNRISE AND SUNSET
APRIL 16 2015.........SUNRISE   654 AM EDT   SUNSET   817 PM EDT
APRIL 17 2015.........SUNRISE   653 AM EDT   SUNSET   818 PM EDT


-  INDICATES NEGATIVE NUMBERS.
R  INDICATES RECORD WAS SET OR TIED.
MM INDICATES DATA IS MISSING.
T  INDICATES TRACE AMOUNT.




$$
