000
CDUS41 KCLE 190527
CLITOL


CLIMATE REPORT
NATIONAL WEATHER SERVICE CLEVELAND OH
126 AM EDT SUN APR 19 2015


...................................

...THE TOLEDO OH CLIMATE SUMMARY FOR APRIL 18 2015...

CLIMATE NORMAL PERIOD 1981 TO 2010
CLIMATE RECORD PERIOD 1873 TO 2015


WEATHER ITEM   OBSERVED TIME   RECORD YEAR NORMAL DEPARTURE LAST
                VALUE   (LST)  VALUE       VALUE  FROM      YEAR
                                                  NORMAL
..................................................................
TEMPERATURE (F)
 YESTERDAY
  MAXIMUM         77   1252 PM  88    2002  61     16       67
                                      1977
  MINIMUM         48    254 AM  12    1875  40      8       43
  AVERAGE         63                        50     13       55

PRECIPITATION (IN)
  YESTERDAY        0.00                      0.12  -0.12     0.00
  MONTH TO DATE    1.75                      1.92  -0.17     2.20
  SINCE MAR 1      3.09                      4.40  -1.31     3.59
  SINCE JAN 1      6.71                      8.52  -1.81    10.77

SNOWFALL (IN)
  YESTERDAY        0.0                       0.0    0.0      0.0
  MONTH TO DATE    0.0                       1.1   -1.1      1.0
  SINCE MAR 1      5.4                       6.8   -1.4     12.8
  SINCE JUL 1     45.7                      37.3    8.4     86.3
  SNOW DEPTH       0

DEGREE DAYS
 HEATING
  YESTERDAY        2                        15    -13       10
  MONTH TO DATE  256                       324    -68      323
  SINCE MAR 1   1246                      1174     72     1441
  SINCE JUL 1   6502                      5750    752     6767

 COOLING
  YESTERDAY        0                         0      0        0
  MONTH TO DATE    0                         0      0        2
  SINCE MAR 1      0                         0      0        2
  SINCE JAN 1      0                         0      0        2
..................................................................


WIND (MPH)
  HIGHEST WIND SPEED    24   HIGHEST WIND DIRECTION     E (80)
  HIGHEST GUST SPEED    30   HIGHEST GUST DIRECTION     E (100)
  AVERAGE WIND SPEED     9.1


SKY COVER
  POSSIBLE SUNSHINE  MM
  AVERAGE SKY COVER 0.1


WEATHER CONDITIONS
 THE FOLLOWING WEATHER WAS RECORDED YESTERDAY.
  NO SIGNIFICANT WEATHER WAS OBSERVED.


RELATIVE HUMIDITY (PERCENT)
 HIGHEST    80           300 AM
 LOWEST     21           700 PM
 AVERAGE    51

..........................................................


THE TOLEDO OH CLIMATE NORMALS FOR TODAY
                         NORMAL    RECORD    YEAR
 MAXIMUM TEMPERATURE (F)   62        85      2002
                                             1985
 MINIMUM TEMPERATURE (F)   40        22      1983


SUNRISE AND SUNSET
APRIL 19 2015.........SUNRISE   650 AM EDT   SUNSET   820 PM EDT
APRIL 20 2015.........SUNRISE   648 AM EDT   SUNSET   821 PM EDT


-  INDICATES NEGATIVE NUMBERS.
R  INDICATES RECORD WAS SET OR TIED.
MM INDICATES DATA IS MISSING.
T  INDICATES TRACE AMOUNT.




$$
