000
CDUS41 KCLE 242116
CLITOL


CLIMATE REPORT
NATIONAL WEATHER SERVICE CLEVELAND OH
515 PM EDT FRI APR 24 2015


...................................

...THE TOLEDO OH CLIMATE SUMMARY FOR APRIL 24 2015...
VALID TODAY AS OF 0500 PM LOCAL TIME.

CLIMATE NORMAL PERIOD 1981 TO 2010
CLIMATE RECORD PERIOD 1873 TO 2015


WEATHER ITEM   OBSERVED TIME   RECORD YEAR NORMAL DEPARTURE LAST
                VALUE   (LST)  VALUE       VALUE  FROM      YEAR
                                                  NORMAL
..................................................................
TEMPERATURE (F)
 TODAY
  MAXIMUM         58    359 PM  88    1925  64     -6       57
  MINIMUM         23R   549 AM  27    1883  42    -19       41
  AVERAGE         41                        53    -12       49

PRECIPITATION (IN)
  TODAY            0.00                      0.10  -0.10      T
  MONTH TO DATE    2.44                      2.56  -0.12     2.20
  SINCE MAR 1      3.78                      5.04  -1.26     3.59
  SINCE JAN 1      7.40                      9.16  -1.76    10.77

SNOWFALL (IN)
  TODAY            0.0                       0.0    0.0      0.0
  MONTH TO DATE    0.0                       1.2   -1.2      1.0
  SINCE MAR 1      5.4                       6.9   -1.5     12.8
  SINCE JUL 1     45.7                      37.4    8.3     86.3
  SNOW DEPTH       0

DEGREE DAYS
 HEATING
  TODAY           24                        13     11       16
  MONTH TO DATE  377                       407    -30      408
  SINCE MAR 1   1367                      1257    110     1526
  SINCE JUL 1   6623                      5833    790     6852

 COOLING
  TODAY            0                         0      0        0
  MONTH TO DATE    0                         0      0        2
  SINCE MAR 1      0                         0      0        2
  SINCE JAN 1      0                         0      0        2
..................................................................


WIND (MPH)
  HIGHEST WIND SPEED    15   HIGHEST WIND DIRECTION     W (250)
  HIGHEST GUST SPEED    23   HIGHEST GUST DIRECTION     W (280)


SKY COVER
  POSSIBLE SUNSHINE  MM
  AVERAGE SKY COVER 0.0


WEATHER CONDITIONS
 THE FOLLOWING WEATHER WAS RECORDED TODAY.
  NO SIGNIFICANT WEATHER WAS OBSERVED.


RELATIVE HUMIDITY (PERCENT)
 HIGHEST    85           700 AM
 LOWEST     23           300 PM
 AVERAGE    54

..........................................................


THE TOLEDO OH CLIMATE NORMALS FOR TOMORROW
                         NORMAL    RECORD    YEAR
 MAXIMUM TEMPERATURE (F)   64        88      1990
 MINIMUM TEMPERATURE (F)   42        21      1974


SUNRISE AND SUNSET
APRIL 24 2015.........SUNRISE   642 AM EDT   SUNSET   825 PM EDT
APRIL 25 2015.........SUNRISE   641 AM EDT   SUNSET   826 PM EDT


-  INDICATES NEGATIVE NUMBERS.
R  INDICATES RECORD WAS SET OR TIED.
MM INDICATES DATA IS MISSING.
T  INDICATES TRACE AMOUNT.




$$
