000
CDUS41 KCLE 222135
CLITOL


CLIMATE REPORT
NATIONAL WEATHER SERVICE CLEVELAND OH
535 PM EDT WED APR 22 2015


...................................

...THE TOLEDO OH CLIMATE SUMMARY FOR APRIL 22 2015...
VALID TODAY AS OF 0500 PM LOCAL TIME.

CLIMATE NORMAL PERIOD 1981 TO 2010
CLIMATE RECORD PERIOD 1873 TO 2015


WEATHER ITEM   OBSERVED TIME   RECORD YEAR NORMAL DEPARTURE LAST
                VALUE   (LST)  VALUE       VALUE  FROM      YEAR
                                                  NORMAL
..................................................................
TEMPERATURE (F)
 TODAY
  MAXIMUM         43    929 AM  87    1985  63    -20       62
  MINIMUM         35    534 AM  22    1875  41     -6       42
  AVERAGE         39                        52    -13       52

PRECIPITATION (IN)
  TODAY            0.00                      0.10  -0.10      T
  MONTH TO DATE    2.44                      2.35   0.09     2.20
  SINCE MAR 1      3.78                      4.83  -1.05     3.59
  SINCE JAN 1      7.40                      8.95  -1.55    10.77

SNOWFALL (IN)
  TODAY            0.0                       0.0    0.0      0.0
  MONTH TO DATE    0.0                       1.2   -1.2      1.0
  SINCE MAR 1      5.4                       6.9   -1.5     12.8
  SINCE JUL 1     45.7                      37.4    8.3     86.3
  SNOW DEPTH       0

DEGREE DAYS
 HEATING
  TODAY           26                        14     12       13
  MONTH TO DATE  324                       381    -57      373
  SINCE MAR 1   1314                      1231     83     1491
  SINCE JUL 1   6570                      5807    763     6817

 COOLING
  TODAY            0                         0      0        0
  MONTH TO DATE    0                         0      0        2
  SINCE MAR 1      0                         0      0        2
  SINCE JAN 1      0                         0      0        2
..................................................................


WIND (MPH)
  HIGHEST WIND SPEED    28   HIGHEST WIND DIRECTION     W (270)
  HIGHEST GUST SPEED    37   HIGHEST GUST DIRECTION     W (270)


SKY COVER
  POSSIBLE SUNSHINE  MM
  AVERAGE SKY COVER 0.6


WEATHER CONDITIONS
 THE FOLLOWING WEATHER WAS RECORDED TODAY.
  NO SIGNIFICANT WEATHER WAS OBSERVED.


RELATIVE HUMIDITY (PERCENT)
 HIGHEST    65          1200 AM
 LOWEST     44           400 PM
 AVERAGE    55

..........................................................


THE TOLEDO OH CLIMATE NORMALS FOR TOMORROW
                         NORMAL    RECORD    YEAR
 MAXIMUM TEMPERATURE (F)   63        86      1985
                                             1960
 MINIMUM TEMPERATURE (F)   41        21      1986


SUNRISE AND SUNSET
APRIL 22 2015.........SUNRISE   645 AM EDT   SUNSET   823 PM EDT
APRIL 23 2015.........SUNRISE   644 AM EDT   SUNSET   824 PM EDT


-  INDICATES NEGATIVE NUMBERS.
R  INDICATES RECORD WAS SET OR TIED.
MM INDICATES DATA IS MISSING.
T  INDICATES TRACE AMOUNT.




$$
