000
CDUS41 KCLE 160526
CLITOL


CLIMATE REPORT
NATIONAL WEATHER SERVICE CLEVELAND OH
125 AM EDT THU APR 16 2015


...................................

...THE TOLEDO OH CLIMATE SUMMARY FOR APRIL 15 2015...

CLIMATE NORMAL PERIOD 1981 TO 2010
CLIMATE RECORD PERIOD 1873 TO 2015


WEATHER ITEM   OBSERVED TIME   RECORD YEAR NORMAL DEPARTURE LAST
                VALUE   (LST)  VALUE       VALUE  FROM      YEAR
                                                  NORMAL
..................................................................
TEMPERATURE (F)
 YESTERDAY
  MAXIMUM         61    358 PM  85    2002  60      1       35
  MINIMUM         36    537 AM  20    1943  39     -3       25
  AVERAGE         49                        49      0       30

PRECIPITATION (IN)
  YESTERDAY        0.00                      0.10  -0.10     0.13
  MONTH TO DATE    1.75                      1.58   0.17     2.20
  SINCE MAR 1      3.09                      4.06  -0.97     3.59
  SINCE JAN 1      6.71                      8.18  -1.47    10.77

SNOWFALL (IN)
  YESTERDAY        0.0                       0.1   -0.1      1.0
  MONTH TO DATE    0.0                       1.0   -1.0      1.0
  SINCE MAR 1      5.4                       6.7   -1.3     12.8
  SINCE JUL 1     45.7                      37.2    8.5     86.3
  SNOW DEPTH       0

DEGREE DAYS
 HEATING
  YESTERDAY       16                        16      0       35
  MONTH TO DATE  241                       278    -37      264
  SINCE MAR 1   1231                      1128    103     1382
  SINCE JUL 1   6487                      5704    783     6708

 COOLING
  YESTERDAY        0                         0      0        0
  MONTH TO DATE    0                         0      0        2
  SINCE MAR 1      0                         0      0        2
  SINCE JAN 1      0                         0      0        2
..................................................................


WIND (MPH)
  HIGHEST WIND SPEED    25   HIGHEST WIND DIRECTION     E (70)
  HIGHEST GUST SPEED    31   HIGHEST GUST DIRECTION    NE (60)
  AVERAGE WIND SPEED    12.3


SKY COVER
  POSSIBLE SUNSHINE  MM
  AVERAGE SKY COVER 0.0


WEATHER CONDITIONS
 THE FOLLOWING WEATHER WAS RECORDED YESTERDAY.
  NO SIGNIFICANT WEATHER WAS OBSERVED.


RELATIVE HUMIDITY (PERCENT)
 HIGHEST    82           600 AM
 LOWEST     16           500 PM
 AVERAGE    49

..........................................................


THE TOLEDO OH CLIMATE NORMALS FOR TODAY
                         NORMAL    RECORD    YEAR
 MAXIMUM TEMPERATURE (F)   60        88      2002
 MINIMUM TEMPERATURE (F)   39        19      2014


SUNRISE AND SUNSET
APRIL 16 2015.........SUNRISE   654 AM EDT   SUNSET   817 PM EDT
APRIL 17 2015.........SUNRISE   653 AM EDT   SUNSET   818 PM EDT


-  INDICATES NEGATIVE NUMBERS.
R  INDICATES RECORD WAS SET OR TIED.
MM INDICATES DATA IS MISSING.
T  INDICATES TRACE AMOUNT.




$$
