000
CDUS41 KCLE 050532
CLITOL


CLIMATE REPORT
NATIONAL WEATHER SERVICE CLEVELAND OH
131 AM EDT TUE MAY 5 2015


...................................

...THE TOLEDO OH CLIMATE SUMMARY FOR MAY 4 2015...

CLIMATE NORMAL PERIOD 1981 TO 2010
CLIMATE RECORD PERIOD 1873 TO 2015


WEATHER ITEM   OBSERVED TIME   RECORD YEAR NORMAL DEPARTURE LAST
                VALUE   (LST)  VALUE       VALUE  FROM      YEAR
                                                  NORMAL
..................................................................
TEMPERATURE (F)
 YESTERDAY
  MAXIMUM         73    935 AM  89    1895  67      6       60
  MINIMUM         61   1159 PM  25    2005  45     16       40
  AVERAGE         67                        56     11       50

PRECIPITATION (IN)
  YESTERDAY        0.06                      0.11  -0.05      T
  MONTH TO DATE    0.06                      0.44  -0.38     0.02
  SINCE MAR 1      4.09                      6.11  -2.02     4.72
  SINCE JAN 1      7.71                     10.23  -2.52    11.90

SNOWFALL (IN)
  YESTERDAY        0.0                       0.0    0.0      0.0
  MONTH TO DATE    0.0                       0.0    0.0      0.0
  SINCE MAR 1      5.4                       7.0   -1.6     12.8
  SINCE JUL 1     45.7                      37.5    8.2     86.3
  SNOW DEPTH       0

DEGREE DAYS
 HEATING
  YESTERDAY        0                        10    -10       15
  MONTH TO DATE   13                        40    -27       57
  SINCE MAR 1   1486                      1366    120     1656
  SINCE JUL 1   6742                      5942    800     6982

 COOLING
  YESTERDAY        2                         1      1        0
  MONTH TO DATE    2                         1      1        0
  SINCE MAR 1      2                         9     -7        2
  SINCE JAN 1      2                         9     -7        2
..................................................................


WIND (MPH)
  HIGHEST WIND SPEED    28   HIGHEST WIND DIRECTION     W (260)
  HIGHEST GUST SPEED    36   HIGHEST GUST DIRECTION     W (260)
  AVERAGE WIND SPEED    10.1


SKY COVER
  POSSIBLE SUNSHINE  MM
  AVERAGE SKY COVER 0.3


WEATHER CONDITIONS
 THE FOLLOWING WEATHER WAS RECORDED YESTERDAY.
  THUNDERSTORM
  LIGHT RAIN
  FOG


RELATIVE HUMIDITY (PERCENT)
 HIGHEST    93          1100 PM
 LOWEST     44           900 AM
 AVERAGE    69

..........................................................


THE TOLEDO OH CLIMATE NORMALS FOR TODAY
                         NORMAL    RECORD    YEAR
 MAXIMUM TEMPERATURE (F)   68        92      1952
 MINIMUM TEMPERATURE (F)   45        29      1974


SUNRISE AND SUNSET
MAY  5 2015...........SUNRISE   627 AM EDT   SUNSET   837 PM EDT
MAY  6 2015...........SUNRISE   626 AM EDT   SUNSET   838 PM EDT


-  INDICATES NEGATIVE NUMBERS.
R  INDICATES RECORD WAS SET OR TIED.
MM INDICATES DATA IS MISSING.
T  INDICATES TRACE AMOUNT.




$$
