000
CDUS41 KCLE 212113
CLITOL


CLIMATE REPORT
NATIONAL WEATHER SERVICE CLEVELAND OH
513 PM EDT TUE APR 21 2015


...................................

...THE TOLEDO OH CLIMATE SUMMARY FOR APRIL 21 2015...
VALID TODAY AS OF 0500 PM LOCAL TIME.

CLIMATE NORMAL PERIOD 1981 TO 2010
CLIMATE RECORD PERIOD 1873 TO 2015


WEATHER ITEM   OBSERVED TIME   RECORD YEAR NORMAL DEPARTURE LAST
                VALUE   (LST)  VALUE       VALUE  FROM      YEAR
                                                  NORMAL
..................................................................
TEMPERATURE (F)
 TODAY
  MAXIMUM         55    359 PM  87    1987  62     -7       77
  MINIMUM         40    305 AM  22    1875  41     -1       41
  AVERAGE         48                        52     -4       59

PRECIPITATION (IN)
  TODAY            T                         0.12  -0.12      T
  MONTH TO DATE    2.44                      2.25   0.19     2.20
  SINCE MAR 1      3.78                      4.73  -0.95     3.59
  SINCE JAN 1      7.40                      8.85  -1.45    10.77

SNOWFALL (IN)
  TODAY            0.0                       0.0    0.0      0.0
  MONTH TO DATE    0.0                       1.2   -1.2      1.0
  SINCE MAR 1      5.4                       6.9   -1.5     12.8
  SINCE JUL 1     45.7                      37.4    8.3     86.3
  SNOW DEPTH       0

DEGREE DAYS
 HEATING
  TODAY           17                        14      3        6
  MONTH TO DATE  298                       367    -69      360
  SINCE MAR 1   1288                      1217     71     1478
  SINCE JUL 1   6544                      5793    751     6804

 COOLING
  TODAY            0                         0      0        0
  MONTH TO DATE    0                         0      0        2
  SINCE MAR 1      0                         0      0        2
  SINCE JAN 1      0                         0      0        2
..................................................................


WIND (MPH)
  HIGHEST WIND SPEED    38   HIGHEST WIND DIRECTION     W (260)
  HIGHEST GUST SPEED    48   HIGHEST GUST DIRECTION    SW (230)


SKY COVER
  POSSIBLE SUNSHINE  MM
  AVERAGE SKY COVER 0.5


WEATHER CONDITIONS
 THE FOLLOWING WEATHER WAS RECORDED TODAY.
  LIGHT RAIN


RELATIVE HUMIDITY (PERCENT)
 HIGHEST    76           400 AM
 LOWEST     29           200 PM
 AVERAGE    53

..........................................................


THE TOLEDO OH CLIMATE NORMALS FOR TOMORROW
                         NORMAL    RECORD    YEAR
 MAXIMUM TEMPERATURE (F)   63        87      1985
 MINIMUM TEMPERATURE (F)   41        22      1875


SUNRISE AND SUNSET
APRIL 21 2015.........SUNRISE   647 AM EDT   SUNSET   822 PM EDT
APRIL 22 2015.........SUNRISE   645 AM EDT   SUNSET   823 PM EDT


-  INDICATES NEGATIVE NUMBERS.
R  INDICATES RECORD WAS SET OR TIED.
MM INDICATES DATA IS MISSING.
T  INDICATES TRACE AMOUNT.




$$
