000
CDUS41 KCLE 200536
CLITOL


CLIMATE REPORT
NATIONAL WEATHER SERVICE CLEVELAND OH
135 AM EDT MON APR 20 2015


...................................

...THE TOLEDO OH CLIMATE SUMMARY FOR APRIL 19 2015...

CLIMATE NORMAL PERIOD 1981 TO 2010
CLIMATE RECORD PERIOD 1873 TO 2015


WEATHER ITEM   OBSERVED TIME   RECORD YEAR NORMAL DEPARTURE LAST
                VALUE   (LST)  VALUE       VALUE  FROM      YEAR
                                                  NORMAL
..................................................................
TEMPERATURE (F)
 YESTERDAY
  MAXIMUM         58   1159 PM  85    2002  62     -4       54
                                      1985
  MINIMUM         46    652 PM  22    1983  40      6       35
  AVERAGE         52                        51      1       45

PRECIPITATION (IN)
  YESTERDAY        0.60                      0.11   0.49     0.00
  MONTH TO DATE    2.35                      2.03   0.32     2.20
  SINCE MAR 1      3.69                      4.51  -0.82     3.59
  SINCE JAN 1      7.31                      8.63  -1.32    10.77

SNOWFALL (IN)
  YESTERDAY        0.0                       0.0    0.0      0.0
  MONTH TO DATE    0.0                       1.1   -1.1      1.0
  SINCE MAR 1      5.4                       6.8   -1.4     12.8
  SINCE JUL 1     45.7                      37.3    8.4     86.3
  SNOW DEPTH       0

DEGREE DAYS
 HEATING
  YESTERDAY       13                        15     -2       20
  MONTH TO DATE  269                       339    -70      343
  SINCE MAR 1   1259                      1189     70     1461
  SINCE JUL 1   6515                      5765    750     6787

 COOLING
  YESTERDAY        0                         0      0        0
  MONTH TO DATE    0                         0      0        2
  SINCE MAR 1      0                         0      0        2
  SINCE JAN 1      0                         0      0        2
..................................................................


WIND (MPH)
  HIGHEST WIND SPEED    23   HIGHEST WIND DIRECTION    NE (60)
  HIGHEST GUST SPEED    29   HIGHEST GUST DIRECTION     E (70)
  AVERAGE WIND SPEED    15.1


SKY COVER
  POSSIBLE SUNSHINE  MM
  AVERAGE SKY COVER 0.4


WEATHER CONDITIONS
 THE FOLLOWING WEATHER WAS RECORDED YESTERDAY.
  HEAVY RAIN
  RAIN
  LIGHT RAIN
  FOG


RELATIVE HUMIDITY (PERCENT)
 HIGHEST   100           800 PM
 LOWEST     47          1100 AM
 AVERAGE    74

..........................................................


THE TOLEDO OH CLIMATE NORMALS FOR TODAY
                         NORMAL    RECORD    YEAR
 MAXIMUM TEMPERATURE (F)   62        84      1985
 MINIMUM TEMPERATURE (F)   40        21      1897


SUNRISE AND SUNSET
APRIL 20 2015.........SUNRISE   648 AM EDT   SUNSET   821 PM EDT
APRIL 21 2015.........SUNRISE   647 AM EDT   SUNSET   822 PM EDT


-  INDICATES NEGATIVE NUMBERS.
R  INDICATES RECORD WAS SET OR TIED.
MM INDICATES DATA IS MISSING.
T  INDICATES TRACE AMOUNT.




$$
