000
CDUS41 KCLE 150526
CLITOL


CLIMATE REPORT
NATIONAL WEATHER SERVICE CLEVELAND OH
126 AM EDT WED APR 15 2015


...................................

...THE TOLEDO OH CLIMATE SUMMARY FOR APRIL 14 2015...

CLIMATE NORMAL PERIOD 1981 TO 2010
CLIMATE RECORD PERIOD 1873 TO 2015


WEATHER ITEM   OBSERVED TIME   RECORD YEAR NORMAL DEPARTURE LAST
                VALUE   (LST)  VALUE       VALUE  FROM      YEAR
                                                  NORMAL
..................................................................
TEMPERATURE (F)
 YESTERDAY
  MAXIMUM         62   1130 AM  83    1941  60      2       71
  MINIMUM         39    510 AM  20    1973  38      1       32
  AVERAGE         51                        49      2       52

PRECIPITATION (IN)
  YESTERDAY        0.00                      0.11  -0.11     0.19
  MONTH TO DATE    1.75                      1.48   0.27     2.07
  SINCE MAR 1      3.09                      3.96  -0.87     3.46
  SINCE JAN 1      6.71                      8.08  -1.37    10.64

SNOWFALL (IN)
  YESTERDAY        0.0                       0.0    0.0       T
  MONTH TO DATE    0.0                       0.9   -0.9       T
  SINCE MAR 1      5.4                       6.6   -1.2     11.8
  SINCE JUL 1     45.7                      37.1    8.6     85.3
  SNOW DEPTH       0

DEGREE DAYS
 HEATING
  YESTERDAY       14                        16     -2       13
  MONTH TO DATE  225                       262    -37      229
  SINCE MAR 1   1215                      1112    103     1347
  SINCE JUL 1   6471                      5688    783     6673

 COOLING
  YESTERDAY        0                         0      0        0
  MONTH TO DATE    0                         0      0        2
  SINCE MAR 1      0                         0      0        2
  SINCE JAN 1      0                         0      0        2
..................................................................


WIND (MPH)
  HIGHEST WIND SPEED    15   HIGHEST WIND DIRECTION     E (100)
  HIGHEST GUST SPEED    18   HIGHEST GUST DIRECTION     E (100)
  AVERAGE WIND SPEED     3.6


SKY COVER
  POSSIBLE SUNSHINE  MM
  AVERAGE SKY COVER 0.0


WEATHER CONDITIONS
 THE FOLLOWING WEATHER WAS RECORDED YESTERDAY.
  NO SIGNIFICANT WEATHER WAS OBSERVED.


RELATIVE HUMIDITY (PERCENT)
 HIGHEST    79           600 AM
 LOWEST     25          1100 AM
 AVERAGE    52

..........................................................


THE TOLEDO OH CLIMATE NORMALS FOR TODAY
                         NORMAL    RECORD    YEAR
 MAXIMUM TEMPERATURE (F)   60        85      2002
 MINIMUM TEMPERATURE (F)   39        20      1943


SUNRISE AND SUNSET
APRIL 15 2015.........SUNRISE   656 AM EDT   SUNSET   816 PM EDT
APRIL 16 2015.........SUNRISE   654 AM EDT   SUNSET   817 PM EDT


-  INDICATES NEGATIVE NUMBERS.
R  INDICATES RECORD WAS SET OR TIED.
MM INDICATES DATA IS MISSING.
T  INDICATES TRACE AMOUNT.




$$
