000
CDUS41 KCLE 310546
CLIYNG


CLIMATE REPORT
NATIONAL WEATHER SERVICE CLEVELAND OH
145 AM EDT TUE MAR 31 2015


...................................

...THE YOUNGSTOWN OH CLIMATE SUMMARY FOR MARCH 30 2015...

CLIMATE NORMAL PERIOD 1981 TO 2010
CLIMATE RECORD PERIOD 1897 TO 2015


WEATHER ITEM   OBSERVED TIME   RECORD YEAR NORMAL DEPARTURE LAST
                VALUE   (LST)  VALUE       VALUE  FROM      YEAR
                                                  NORMAL
..................................................................
TEMPERATURE (F)
 YESTERDAY
  MAXIMUM         51    313 PM  82    1986  52     -1       42
  MINIMUM         32   1148 PM  13    1964  33     -1       29
  AVERAGE         42                        42      0       36

PRECIPITATION (IN)
  YESTERDAY        0.01                      0.11  -0.10     0.06
  MONTH TO DATE    2.27                      2.83  -0.56     1.94
  SINCE MAR 1      2.27                      2.83  -0.56     1.94
  SINCE JAN 1      7.50                      7.53  -0.03     6.63

SNOWFALL (IN)
  YESTERDAY        0.0                       0.2   -0.2      0.6
  MONTH TO DATE    8.6                      10.7   -2.1      7.9
  SINCE MAR 1      8.6                      10.7   -2.1      7.9
  SINCE JUL 1     78.1                      59.5   18.6     88.9
  SNOW DEPTH       0

DEGREE DAYS
 HEATING
  YESTERDAY       23                        23      0       29
  MONTH TO DATE  960                       855    105     1055
  SINCE MAR 1    960                       855    105     1055
  SINCE JUL 1   6078                      5503    575     6123

 COOLING
  YESTERDAY        0                         0      0        0
  MONTH TO DATE    0                         0      0        0
  SINCE MAR 1      0                         0      0        0
  SINCE JAN 1      0                         0      0        0
..................................................................


WIND (MPH)
  HIGHEST WIND SPEED    25   HIGHEST WIND DIRECTION     W (270)
  HIGHEST GUST SPEED    33   HIGHEST GUST DIRECTION     W (270)
  AVERAGE WIND SPEED    13.2


SKY COVER
  POSSIBLE SUNSHINE  MM
  AVERAGE SKY COVER 0.8


WEATHER CONDITIONS
 THE FOLLOWING WEATHER WAS RECORDED YESTERDAY.
  LIGHT RAIN
  FOG


RELATIVE HUMIDITY (PERCENT)
 HIGHEST    85           400 AM
 LOWEST     30           300 PM
 AVERAGE    58

..........................................................


THE YOUNGSTOWN OH CLIMATE NORMALS FOR TODAY
                         NORMAL    RECORD    YEAR
 MAXIMUM TEMPERATURE (F)   52        81      1998
 MINIMUM TEMPERATURE (F)   33        14      1969
                                             1964


SUNRISE AND SUNSET
MARCH 31 2015.........SUNRISE   708 AM EDT   SUNSET   746 PM EDT
APRIL  1 2015.........SUNRISE   706 AM EDT   SUNSET   748 PM EDT


-  INDICATES NEGATIVE NUMBERS.
R  INDICATES RECORD WAS SET OR TIED.
MM INDICATES DATA IS MISSING.
T  INDICATES TRACE AMOUNT.




$$
