000
CDUS41 KCLE 010539
CLIYNG


CLIMATE REPORT
NATIONAL WEATHER SERVICE CLEVELAND OH
126 AM EDT FRI MAY 1 2015


...................................

...THE YOUNGSTOWN OH CLIMATE SUMMARY FOR APRIL 30 2015...

CLIMATE NORMAL PERIOD 1981 TO 2010
CLIMATE RECORD PERIOD 1897 TO 2015


WEATHER ITEM   OBSERVED TIME   RECORD YEAR NORMAL DEPARTURE LAST
                VALUE   (LST)  VALUE       VALUE  FROM      YEAR
                                                  NORMAL
..................................................................
TEMPERATURE (F)
 YESTERDAY
  MAXIMUM         52    216 PM  85    1970  65    -13       56
                                      1942
  MINIMUM         38    501 AM  27    1978  42     -4       48
                                      1958
                                      1931
  AVERAGE         45                        53     -8       52

PRECIPITATION (IN)
  YESTERDAY        0.07                      0.11  -0.04     0.82
  MONTH TO DATE    2.88                      3.36  -0.48     4.91
  SINCE MAR 1      5.21                      6.30  -1.09     6.85
  SINCE JAN 1     10.44                     11.00  -0.56    11.54

SNOWFALL (IN)
  YESTERDAY        0.0                       0.0    0.0      0.0
  MONTH TO DATE    0.9                       3.0   -2.1      1.2
  SINCE MAR 1      9.5                      13.9   -4.4      9.1
  SINCE JUL 1     79.0                      62.7   16.3     90.1
  SNOW DEPTH       0

DEGREE DAYS
 HEATING
  YESTERDAY       20                        12      8       13
  MONTH TO DATE  443                       502    -59      476
  SINCE MAR 1   1431                      1379     52     1554
  SINCE JUL 1   6549                      6027    522     6622

 COOLING
  YESTERDAY        0                         0      0        0
  MONTH TO DATE    0                         8     -8        0
  SINCE MAR 1      0                         9     -9        0
  SINCE JAN 1      0                         9     -9        0
..................................................................


WIND (MPH)
  HIGHEST WIND SPEED    14   HIGHEST WIND DIRECTION    NW (330)
  HIGHEST GUST SPEED    17   HIGHEST GUST DIRECTION     N (340)
  AVERAGE WIND SPEED     8.2


SKY COVER
  POSSIBLE SUNSHINE  MM
  AVERAGE SKY COVER 0.9


WEATHER CONDITIONS
 THE FOLLOWING WEATHER WAS RECORDED YESTERDAY.
  LIGHT RAIN
  FOG


RELATIVE HUMIDITY (PERCENT)
 HIGHEST   100           700 PM
 LOWEST     66          1200 AM
 AVERAGE    83

..........................................................


THE YOUNGSTOWN OH CLIMATE NORMALS FOR TODAY
                         NORMAL    RECORD    YEAR
 MAXIMUM TEMPERATURE (F)   65        85      1970
 MINIMUM TEMPERATURE (F)   43        25      1978


SUNRISE AND SUNSET
MAY  1 2015...........SUNRISE   621 AM EDT   SUNSET   820 PM EDT
MAY  2 2015...........SUNRISE   619 AM EDT   SUNSET   821 PM EDT


-  INDICATES NEGATIVE NUMBERS.
R  INDICATES RECORD WAS SET OR TIED.
MM INDICATES DATA IS MISSING.
T  INDICATES TRACE AMOUNT.




$$
