000
CDUS41 KCLE 030527
CLIYNG


CLIMATE REPORT
NATIONAL WEATHER SERVICE CLEVELAND OH
127 AM EDT SUN MAY 3 2015


...................................

...THE YOUNGSTOWN OH CLIMATE SUMMARY FOR MAY 2 2015...

CLIMATE NORMAL PERIOD 1981 TO 2010
CLIMATE RECORD PERIOD 1897 TO 2015


WEATHER ITEM   OBSERVED TIME   RECORD YEAR NORMAL DEPARTURE LAST
                VALUE   (LST)  VALUE       VALUE  FROM      YEAR
                                                  NORMAL
..................................................................
TEMPERATURE (F)
 YESTERDAY
  MAXIMUM         74    253 PM  92    1942  65      9       54
  MINIMUM         40    457 AM  29    1963  43     -3       46
                                      1961
  AVERAGE         57                        54      3       50

PRECIPITATION (IN)
  YESTERDAY        0.00                      0.11  -0.11     0.01
  MONTH TO DATE    0.00                      0.22  -0.22     0.01
  SINCE MAR 1      5.21                      6.52  -1.31     6.86
  SINCE JAN 1     10.44                     11.22  -0.78    11.55

SNOWFALL (IN)
  YESTERDAY        0.0                       0.0    0.0      0.0
  MONTH TO DATE    0.0                       0.0    0.0      0.0
  SINCE MAR 1      9.5                      13.9   -4.4      9.1
  SINCE JUL 1     79.0                      62.7   16.3     90.1
  SNOW DEPTH       0

DEGREE DAYS
 HEATING
  YESTERDAY        8                        11     -3       15
  MONTH TO DATE   20                        23     -3       26
  SINCE MAR 1   1451                      1402     49     1580
  SINCE JUL 1   6569                      6050    519     6648

 COOLING
  YESTERDAY        0                         0      0        0
  MONTH TO DATE    0                         0      0        0
  SINCE MAR 1      0                         9     -9        0
  SINCE JAN 1      0                         9     -9        0
..................................................................


WIND (MPH)
  HIGHEST WIND SPEED    15   HIGHEST WIND DIRECTION     N (350)
  HIGHEST GUST SPEED    20   HIGHEST GUST DIRECTION    NW (310)
  AVERAGE WIND SPEED     5.3


SKY COVER
  POSSIBLE SUNSHINE  MM
  AVERAGE SKY COVER 0.4


WEATHER CONDITIONS
 THE FOLLOWING WEATHER WAS RECORDED YESTERDAY.
  NO SIGNIFICANT WEATHER WAS OBSERVED.


RELATIVE HUMIDITY (PERCENT)
 HIGHEST    86           500 AM
 LOWEST     27           300 PM
 AVERAGE    57

..........................................................


THE YOUNGSTOWN OH CLIMATE NORMALS FOR TODAY
                         NORMAL    RECORD    YEAR
 MAXIMUM TEMPERATURE (F)   65        88      2012
 MINIMUM TEMPERATURE (F)   43        26      1986


SUNRISE AND SUNSET
MAY  3 2015...........SUNRISE   618 AM EDT   SUNSET   822 PM EDT
MAY  4 2015...........SUNRISE   617 AM EDT   SUNSET   823 PM EDT


-  INDICATES NEGATIVE NUMBERS.
R  INDICATES RECORD WAS SET OR TIED.
MM INDICATES DATA IS MISSING.
T  INDICATES TRACE AMOUNT.




$$
