000
CDUS41 KCLE 180528
CLIYNG


CLIMATE REPORT
NATIONAL WEATHER SERVICE CLEVELAND OH
126 AM EDT SAT APR 18 2015


...................................

...THE YOUNGSTOWN OH CLIMATE SUMMARY FOR APRIL 17 2015...

CLIMATE NORMAL PERIOD 1981 TO 2010
CLIMATE RECORD PERIOD 1897 TO 2015


WEATHER ITEM   OBSERVED TIME   RECORD YEAR NORMAL DEPARTURE LAST
                VALUE   (LST)  VALUE       VALUE  FROM      YEAR
                                                  NORMAL
..................................................................
TEMPERATURE (F)
 YESTERDAY
  MAXIMUM         69    504 PM  84    2002  60      9       63
                                      1976
  MINIMUM         49   1133 PM  18    1980  39     10       34
  AVERAGE         59                        49     10       49

PRECIPITATION (IN)
  YESTERDAY        0.01                      0.11  -0.10     0.00
  MONTH TO DATE    1.94                      1.96  -0.02     2.49
  SINCE MAR 1      4.27                      4.90  -0.63     4.43
  SINCE JAN 1      9.50                      9.60  -0.10     9.12

SNOWFALL (IN)
  YESTERDAY        0.0                       0.1   -0.1      0.0
  MONTH TO DATE    0.2                       2.6   -2.4      1.2
  SINCE MAR 1      8.8                      13.5   -4.7      9.1
  SINCE JUL 1     78.3                      62.3   16.0     90.1
  SNOW DEPTH       0

DEGREE DAYS
 HEATING
  YESTERDAY        6                        16    -10       16
  MONTH TO DATE  211                       323   -112      288
  SINCE MAR 1   1199                      1199      0     1366
  SINCE JUL 1   6317                      5847    470     6434

 COOLING
  YESTERDAY        0                         0      0        0
  MONTH TO DATE    0                         0      0        0
  SINCE MAR 1      0                         1     -1        0
  SINCE JAN 1      0                         1     -1        0
..................................................................


WIND (MPH)
  HIGHEST WIND SPEED    13   HIGHEST WIND DIRECTION    NW (330)
  HIGHEST GUST SPEED    16   HIGHEST GUST DIRECTION    NW (320)
  AVERAGE WIND SPEED     5.3


SKY COVER
  POSSIBLE SUNSHINE  MM
  AVERAGE SKY COVER 0.7


WEATHER CONDITIONS
 THE FOLLOWING WEATHER WAS RECORDED YESTERDAY.
  LIGHT RAIN
  FOG
  HAZE


RELATIVE HUMIDITY (PERCENT)
 HIGHEST   100           300 AM
 LOWEST     45           500 PM
 AVERAGE    73

..........................................................


THE YOUNGSTOWN OH CLIMATE NORMALS FOR TODAY
                         NORMAL    RECORD    YEAR
 MAXIMUM TEMPERATURE (F)   60        87      1976
 MINIMUM TEMPERATURE (F)   39        23      1983


SUNRISE AND SUNSET
APRIL 18 2015.........SUNRISE   639 AM EDT   SUNSET   806 PM EDT
APRIL 19 2015.........SUNRISE   637 AM EDT   SUNSET   807 PM EDT


-  INDICATES NEGATIVE NUMBERS.
R  INDICATES RECORD WAS SET OR TIED.
MM INDICATES DATA IS MISSING.
T  INDICATES TRACE AMOUNT.




$$
