000
CDUS41 KCLE 100611
CLIYNG


CLIMATE REPORT
NATIONAL WEATHER SERVICE CLEVELAND OH
210 AM EDT FRI APR 10 2015


...................................

...THE YOUNGSTOWN OH CLIMATE SUMMARY FOR APRIL 9 2015...

CLIMATE NORMAL PERIOD 1981 TO 2010
CLIMATE RECORD PERIOD 1897 TO 2015


WEATHER ITEM   OBSERVED TIME   RECORD YEAR NORMAL DEPARTURE LAST
                VALUE   (LST)  VALUE       VALUE  FROM      YEAR
                                                  NORMAL
..................................................................
TEMPERATURE (F)
 YESTERDAY
  MAXIMUM         69   1159 AM  79    1931  56     13       53
  MINIMUM         50    158 AM  17    1977  36     14       34
                                      1972
  AVERAGE         60                        46     14       44

PRECIPITATION (IN)
  YESTERDAY        0.46                      0.12   0.34     0.00
  MONTH TO DATE    1.48                      1.04   0.44     1.54
  SINCE MAR 1      3.81                      3.98  -0.17     3.48
  SINCE JAN 1      9.04                      8.68   0.36     8.17

SNOWFALL (IN)
  YESTERDAY        0.0                       0.1   -0.1      0.0
  MONTH TO DATE    0.2                       1.6   -1.4       T
  SINCE MAR 1      8.8                      12.5   -3.7      7.9
  SINCE JUL 1     78.3                      61.3   17.0     88.9
  SNOW DEPTH       0

DEGREE DAYS
 HEATING
  YESTERDAY        5                        19    -14       21
  MONTH TO DATE  124                       185    -61      170
  SINCE MAR 1   1112                      1061     51     1248
  SINCE JUL 1   6230                      5709    521     6316

 COOLING
  YESTERDAY        0                         0      0        0
  MONTH TO DATE    0                         0      0        0
  SINCE MAR 1      0                         1     -1        0
  SINCE JAN 1      0                         1     -1        0
..................................................................


WIND (MPH)
  HIGHEST WIND SPEED    18   HIGHEST WIND DIRECTION     S (170)
  HIGHEST GUST SPEED    25   HIGHEST GUST DIRECTION     S (170)
  AVERAGE WIND SPEED     8.4


SKY COVER
  POSSIBLE SUNSHINE  MM
  AVERAGE SKY COVER 1.0


WEATHER CONDITIONS
 THE FOLLOWING WEATHER WAS RECORDED YESTERDAY.
  THUNDERSTORM
  HEAVY RAIN
  RAIN
  LIGHT RAIN
  FOG
  FOG W/VISIBILITY <= 1/4 MILE


RELATIVE HUMIDITY (PERCENT)
 HIGHEST   100           300 AM
 LOWEST     66          1200 PM
 AVERAGE    83

..........................................................


THE YOUNGSTOWN OH CLIMATE NORMALS FOR TODAY
                         NORMAL    RECORD    YEAR
 MAXIMUM TEMPERATURE (F)   57        80      2011
                                             1945
 MINIMUM TEMPERATURE (F)   36        16      1997


SUNRISE AND SUNSET
APRIL 10 2015.........SUNRISE   652 AM EDT   SUNSET   757 PM EDT
APRIL 11 2015.........SUNRISE   650 AM EDT   SUNSET   758 PM EDT


-  INDICATES NEGATIVE NUMBERS.
R  INDICATES RECORD WAS SET OR TIED.
MM INDICATES DATA IS MISSING.
T  INDICATES TRACE AMOUNT.




$$
