000
CDUS41 KCLE 230540
CLIYNG


CLIMATE REPORT
NATIONAL WEATHER SERVICE CLEVELAND OH
126 AM EDT THU APR 23 2015


...................................

...THE YOUNGSTOWN OH CLIMATE SUMMARY FOR APRIL 22 2015...

CLIMATE NORMAL PERIOD 1981 TO 2010
CLIMATE RECORD PERIOD 1897 TO 2015


WEATHER ITEM   OBSERVED TIME   RECORD YEAR NORMAL DEPARTURE LAST
                VALUE   (LST)  VALUE       VALUE  FROM      YEAR
                                                  NORMAL
..................................................................
TEMPERATURE (F)
 YESTERDAY
  MAXIMUM         49   1232 AM  83    1985  62    -13       66
  MINIMUM         35   1159 PM  20    1975  40     -5       39
  AVERAGE         42                        51     -9       53

PRECIPITATION (IN)
  YESTERDAY        0.12                      0.11   0.01     0.17
  MONTH TO DATE    2.72                      2.51   0.21     2.66
  SINCE MAR 1      5.05                      5.45  -0.40     4.60
  SINCE JAN 1     10.28                     10.15   0.13     9.29

SNOWFALL (IN)
  YESTERDAY        T                         0.0    0.0      0.0
  MONTH TO DATE    0.2                       2.8   -2.6      1.2
  SINCE MAR 1      8.8                      13.7   -4.9      9.1
  SINCE JUL 1     78.3                      62.5   15.8     90.1
  SNOW DEPTH       0

DEGREE DAYS
 HEATING
  YESTERDAY       23                        14      9       12
  MONTH TO DATE  268                       398   -130      340
  SINCE MAR 1   1256                      1274    -18     1418
  SINCE JUL 1   6374                      5922    452     6486

 COOLING
  YESTERDAY        0                         0      0        0
  MONTH TO DATE    0                         0      0        0
  SINCE MAR 1      0                         1     -1        0
  SINCE JAN 1      0                         1     -1        0
..................................................................


WIND (MPH)
  HIGHEST WIND SPEED    25   HIGHEST WIND DIRECTION     W (270)
  HIGHEST GUST SPEED    34   HIGHEST GUST DIRECTION     W (270)
  AVERAGE WIND SPEED    11.5


SKY COVER
  POSSIBLE SUNSHINE  MM
  AVERAGE SKY COVER 1.0


WEATHER CONDITIONS
 THE FOLLOWING WEATHER WAS RECORDED YESTERDAY.
  RAIN
  LIGHT RAIN
  SNOW
  LIGHT SNOW
  SLEET
  FOG


RELATIVE HUMIDITY (PERCENT)
 HIGHEST    92           300 AM
 LOWEST     46          1200 AM
 AVERAGE    69

..........................................................


THE YOUNGSTOWN OH CLIMATE NORMALS FOR TODAY
                         NORMAL    RECORD    YEAR
 MAXIMUM TEMPERATURE (F)   62        85      1985
 MINIMUM TEMPERATURE (F)   40        25      1986


SUNRISE AND SUNSET
APRIL 23 2015.........SUNRISE   632 AM EDT   SUNSET   811 PM EDT
APRIL 24 2015.........SUNRISE   630 AM EDT   SUNSET   812 PM EDT


-  INDICATES NEGATIVE NUMBERS.
R  INDICATES RECORD WAS SET OR TIED.
MM INDICATES DATA IS MISSING.
T  INDICATES TRACE AMOUNT.




$$
