000
CDUS41 KCLE 082115
CLIYNG


CLIMATE REPORT
NATIONAL WEATHER SERVICE CLEVELAND OH
515 PM EDT WED APR 8 2015


...................................

...THE YOUNGSTOWN OH CLIMATE SUMMARY FOR APRIL 8 2015...
VALID TODAY AS OF 0500 PM LOCAL TIME.

CLIMATE NORMAL PERIOD 1981 TO 2010
CLIMATE RECORD PERIOD 1897 TO 2015


WEATHER ITEM   OBSERVED TIME   RECORD YEAR NORMAL DEPARTURE LAST
                VALUE   (LST)  VALUE       VALUE  FROM      YEAR
                                                  NORMAL
..................................................................
TEMPERATURE (F)
 TODAY
  MAXIMUM         68    356 PM  81    2001  56     12       56
  MINIMUM         50    126 AM  14    1982  36     14       38
  AVERAGE         59                        46     13       47

PRECIPITATION (IN)
  TODAY            T                         0.11  -0.11     0.06
  MONTH TO DATE    1.02                      0.92   0.10     1.54
  SINCE MAR 1      3.35                      3.86  -0.51     3.48
  SINCE JAN 1      8.58                      8.56   0.02     8.17

SNOWFALL (IN)
  TODAY            0.0                       0.2   -0.2      0.0
  MONTH TO DATE    0.2                       1.5   -1.3       T
  SINCE MAR 1      8.8                      12.4   -3.6      7.9
  SINCE JUL 1     78.3                      61.2   17.1     88.9
  SNOW DEPTH       0

DEGREE DAYS
 HEATING
  TODAY            6                        19    -13       18
  MONTH TO DATE  119                       166    -47      149
  SINCE MAR 1   1107                      1042     65     1227
  SINCE JUL 1   6225                      5690    535     6295

 COOLING
  TODAY            0                         0      0        0
  MONTH TO DATE    0                         0      0        0
  SINCE MAR 1      0                         1     -1        0
  SINCE JAN 1      0                         1     -1        0
..................................................................


WIND (MPH)
  HIGHEST WIND SPEED    14   HIGHEST WIND DIRECTION    SW (240)
  HIGHEST GUST SPEED    18   HIGHEST GUST DIRECTION     S (200)


SKY COVER
  POSSIBLE SUNSHINE  MM
  AVERAGE SKY COVER 0.7


WEATHER CONDITIONS
 THE FOLLOWING WEATHER WAS RECORDED TODAY.
  LIGHT RAIN
  FOG


RELATIVE HUMIDITY (PERCENT)
 HIGHEST   100           600 AM
 LOWEST     73           400 PM
 AVERAGE    87

..........................................................


THE YOUNGSTOWN OH CLIMATE NORMALS FOR TOMORROW
                         NORMAL    RECORD    YEAR
 MAXIMUM TEMPERATURE (F)   56        79      1931
 MINIMUM TEMPERATURE (F)   36        17      1977
                                             1972


SUNRISE AND SUNSET
APRIL  8 2015.........SUNRISE   655 AM EDT   SUNSET   755 PM EDT
APRIL  9 2015.........SUNRISE   653 AM EDT   SUNSET   756 PM EDT


-  INDICATES NEGATIVE NUMBERS.
R  INDICATES RECORD WAS SET OR TIED.
MM INDICATES DATA IS MISSING.
T  INDICATES TRACE AMOUNT.




$$
