000
CDUS41 KCLE 220538
CLIYNG


CLIMATE REPORT
NATIONAL WEATHER SERVICE CLEVELAND OH
126 AM EDT WED APR 22 2015


...................................

...THE YOUNGSTOWN OH CLIMATE SUMMARY FOR APRIL 21 2015...

CLIMATE NORMAL PERIOD 1981 TO 2010
CLIMATE RECORD PERIOD 1897 TO 2015


WEATHER ITEM   OBSERVED TIME   RECORD YEAR NORMAL DEPARTURE LAST
                VALUE   (LST)  VALUE       VALUE  FROM      YEAR
                                                  NORMAL
..................................................................
TEMPERATURE (F)
 YESTERDAY
  MAXIMUM         56    341 PM  85    1985  61     -5       78
  MINIMUM         42    600 AM  23    2013  40      2       46
  AVERAGE         49                        51     -2       62

PRECIPITATION (IN)
  YESTERDAY        T                         0.11  -0.11     0.00
  MONTH TO DATE    2.60                      2.40   0.20     2.49
  SINCE MAR 1      4.93                      5.34  -0.41     4.43
  SINCE JAN 1     10.16                     10.04   0.12     9.12

SNOWFALL (IN)
  YESTERDAY        0.0                       0.0    0.0      0.0
  MONTH TO DATE    0.2                       2.8   -2.6      1.2
  SINCE MAR 1      8.8                      13.7   -4.9      9.1
  SINCE JUL 1     78.3                      62.5   15.8     90.1
  SNOW DEPTH       0

DEGREE DAYS
 HEATING
  YESTERDAY       16                        15      1        3
  MONTH TO DATE  245                       384   -139      328
  SINCE MAR 1   1233                      1260    -27     1406
  SINCE JUL 1   6351                      5908    443     6474

 COOLING
  YESTERDAY        0                         0      0        0
  MONTH TO DATE    0                         0      0        0
  SINCE MAR 1      0                         1     -1        0
  SINCE JAN 1      0                         1     -1        0
..................................................................


WIND (MPH)
  HIGHEST WIND SPEED    37   HIGHEST WIND DIRECTION    SW (240)
  HIGHEST GUST SPEED    49   HIGHEST GUST DIRECTION    SW (240)
  AVERAGE WIND SPEED    17.5


SKY COVER
  POSSIBLE SUNSHINE  MM
  AVERAGE SKY COVER 0.7


WEATHER CONDITIONS
 THE FOLLOWING WEATHER WAS RECORDED YESTERDAY.
  NO SIGNIFICANT WEATHER WAS OBSERVED.


RELATIVE HUMIDITY (PERCENT)
 HIGHEST    70           100 AM
 LOWEST     28          1200 PM
 AVERAGE    49

..........................................................


THE YOUNGSTOWN OH CLIMATE NORMALS FOR TODAY
                         NORMAL    RECORD    YEAR
 MAXIMUM TEMPERATURE (F)   62        83      1985
 MINIMUM TEMPERATURE (F)   40        20      1975


SUNRISE AND SUNSET
APRIL 22 2015.........SUNRISE   633 AM EDT   SUNSET   810 PM EDT
APRIL 23 2015.........SUNRISE   632 AM EDT   SUNSET   811 PM EDT


-  INDICATES NEGATIVE NUMBERS.
R  INDICATES RECORD WAS SET OR TIED.
MM INDICATES DATA IS MISSING.
T  INDICATES TRACE AMOUNT.




$$
