000
CDUS41 KCLE 282111
CLIYNG


CLIMATE REPORT
NATIONAL WEATHER SERVICE CLEVELAND OH
510 PM EDT TUE APR 28 2015


...................................

...THE YOUNGSTOWN OH CLIMATE SUMMARY FOR APRIL 28 2015...
VALID TODAY AS OF 0500 PM LOCAL TIME.

CLIMATE NORMAL PERIOD 1981 TO 2010
CLIMATE RECORD PERIOD 1897 TO 2015


WEATHER ITEM   OBSERVED TIME   RECORD YEAR NORMAL DEPARTURE LAST
                VALUE   (LST)  VALUE       VALUE  FROM      YEAR
                                                  NORMAL
..................................................................
TEMPERATURE (F)
 TODAY
  MAXIMUM         58    314 PM  87    1990  64     -6       56
                                      1986
  MINIMUM         33    542 AM  24    1946  42     -9       42
  AVERAGE         46                        53     -7       49

PRECIPITATION (IN)
  TODAY            0.00                      0.11  -0.11     0.05
  MONTH TO DATE    2.81                      3.15  -0.34     3.14
  SINCE MAR 1      5.14                      6.09  -0.95     5.08
  SINCE JAN 1     10.37                     10.79  -0.42     9.77

SNOWFALL (IN)
  TODAY            0.0                       0.0    0.0      0.0
  MONTH TO DATE    0.9                       3.0   -2.1      1.2
  SINCE MAR 1      9.5                      13.9   -4.4      9.1
  SINCE JUL 1     79.0                      62.7   16.3     90.1
  SNOW DEPTH       0

DEGREE DAYS
 HEATING
  TODAY           19                        13      6       16
  MONTH TO DATE  409                       478    -69      454
  SINCE MAR 1   1397                      1354     43     1532
  SINCE JUL 1   6515                      6002    513     6600

 COOLING
  TODAY            0                         0      0        0
  MONTH TO DATE    0                         0      0        0
  SINCE MAR 1      0                         1     -1        0
  SINCE JAN 1      0                         1     -1        0
..................................................................


WIND (MPH)
  HIGHEST WIND SPEED    16   HIGHEST WIND DIRECTION     N (340)
  HIGHEST GUST SPEED    23   HIGHEST GUST DIRECTION    NW (330)


SKY COVER
  POSSIBLE SUNSHINE  MM
  AVERAGE SKY COVER 0.5


WEATHER CONDITIONS
 THE FOLLOWING WEATHER WAS RECORDED TODAY.
  NO SIGNIFICANT WEATHER WAS OBSERVED.


RELATIVE HUMIDITY (PERCENT)
 HIGHEST    96           500 AM
 LOWEST     43           300 PM
 AVERAGE    70

..........................................................


THE YOUNGSTOWN OH CLIMATE NORMALS FOR TOMORROW
                         NORMAL    RECORD    YEAR
 MAXIMUM TEMPERATURE (F)   64        85      1942
 MINIMUM TEMPERATURE (F)   42        25      1977


SUNRISE AND SUNSET
APRIL 28 2015.........SUNRISE   625 AM EDT   SUNSET   816 PM EDT
APRIL 29 2015.........SUNRISE   623 AM EDT   SUNSET   818 PM EDT


-  INDICATES NEGATIVE NUMBERS.
R  INDICATES RECORD WAS SET OR TIED.
MM INDICATES DATA IS MISSING.
T  INDICATES TRACE AMOUNT.




$$
