000
CDUS41 KCLE 110527
CLIYNG


CLIMATE REPORT
NATIONAL WEATHER SERVICE CLEVELAND OH
126 AM EDT SAT APR 11 2015


...................................

...THE YOUNGSTOWN OH CLIMATE SUMMARY FOR APRIL 10 2015...

CLIMATE NORMAL PERIOD 1981 TO 2010
CLIMATE RECORD PERIOD 1897 TO 2015


WEATHER ITEM   OBSERVED TIME   RECORD YEAR NORMAL DEPARTURE LAST
                VALUE   (LST)  VALUE       VALUE  FROM      YEAR
                                                  NORMAL
..................................................................
TEMPERATURE (F)
 YESTERDAY
  MAXIMUM         66    624 AM  80    2011  57      9       69
                                      1945
  MINIMUM         43   1159 PM  16    1997  36      7       40
  AVERAGE         55                        47      8       55

PRECIPITATION (IN)
  YESTERDAY        0.01                      0.12  -0.11     0.05
  MONTH TO DATE    1.49                      1.16   0.33     1.59
  SINCE MAR 1      3.82                      4.10  -0.28     3.53
  SINCE JAN 1      9.05                      8.80   0.25     8.22

SNOWFALL (IN)
  YESTERDAY        0.0                       0.1   -0.1      0.0
  MONTH TO DATE    0.2                       1.7   -1.5       T
  SINCE MAR 1      8.8                      12.6   -3.8      7.9
  SINCE JUL 1     78.3                      61.4   16.9     88.9
  SNOW DEPTH       0

DEGREE DAYS
 HEATING
  YESTERDAY       10                        19     -9       10
  MONTH TO DATE  134                       204    -70      180
  SINCE MAR 1   1122                      1080     42     1258
  SINCE JUL 1   6240                      5728    512     6326

 COOLING
  YESTERDAY        0                         0      0        0
  MONTH TO DATE    0                         0      0        0
  SINCE MAR 1      0                         1     -1        0
  SINCE JAN 1      0                         1     -1        0
..................................................................


WIND (MPH)
  HIGHEST WIND SPEED    29   HIGHEST WIND DIRECTION     W (260)
  HIGHEST GUST SPEED    40   HIGHEST GUST DIRECTION     W (250)
  AVERAGE WIND SPEED    16.1


SKY COVER
  POSSIBLE SUNSHINE  MM
  AVERAGE SKY COVER 0.7


WEATHER CONDITIONS
 THE FOLLOWING WEATHER WAS RECORDED YESTERDAY.
  LIGHT RAIN


RELATIVE HUMIDITY (PERCENT)
 HIGHEST    90          1200 AM
 LOWEST     43           600 PM
 AVERAGE    67

..........................................................


THE YOUNGSTOWN OH CLIMATE NORMALS FOR TODAY
                         NORMAL    RECORD    YEAR
 MAXIMUM TEMPERATURE (F)   57        82      1977
 MINIMUM TEMPERATURE (F)   37        22      1975
                                             1970


SUNRISE AND SUNSET
APRIL 11 2015.........SUNRISE   650 AM EDT   SUNSET   758 PM EDT
APRIL 12 2015.........SUNRISE   648 AM EDT   SUNSET   759 PM EDT


-  INDICATES NEGATIVE NUMBERS.
R  INDICATES RECORD WAS SET OR TIED.
MM INDICATES DATA IS MISSING.
T  INDICATES TRACE AMOUNT.




$$
