000
CDUS41 KCLE 240540
CLIYNG


CLIMATE REPORT
NATIONAL WEATHER SERVICE CLEVELAND OH
127 AM EDT FRI APR 24 2015


...................................

...THE YOUNGSTOWN OH CLIMATE SUMMARY FOR APRIL 23 2015...

CLIMATE NORMAL PERIOD 1981 TO 2010
CLIMATE RECORD PERIOD 1897 TO 2015


WEATHER ITEM   OBSERVED TIME   RECORD YEAR NORMAL DEPARTURE LAST
                VALUE   (LST)  VALUE       VALUE  FROM      YEAR
                                                  NORMAL
..................................................................
TEMPERATURE (F)
 YESTERDAY
  MAXIMUM         35   1210 PM  85    1985  62    -27       49
  MINIMUM         32   1159 PM  25    1986  40     -8       31
  AVERAGE         34                        51    -17       40

PRECIPITATION (IN)
  YESTERDAY        0.07                      0.11  -0.04      T
  MONTH TO DATE    2.79                      2.62   0.17     2.66
  SINCE MAR 1      5.12                      5.56  -0.44     4.60
  SINCE JAN 1     10.35                     10.26   0.09     9.29

SNOWFALL (IN)
  YESTERDAY        0.7                       0.1    0.6      0.0
  MONTH TO DATE    0.9                       2.9   -2.0      1.2
  SINCE MAR 1      9.5                      13.8   -4.3      9.1
  SINCE JUL 1     79.0                      62.6   16.4     90.1
  SNOW DEPTH       0

DEGREE DAYS
 HEATING
  YESTERDAY       31                        14     17       25
  MONTH TO DATE  299                       412   -113      365
  SINCE MAR 1   1287                      1288     -1     1443
  SINCE JUL 1   6405                      5936    469     6511

 COOLING
  YESTERDAY        0                         0      0        0
  MONTH TO DATE    0                         0      0        0
  SINCE MAR 1      0                         1     -1        0
  SINCE JAN 1      0                         1     -1        0
..................................................................


WIND (MPH)
  HIGHEST WIND SPEED    18   HIGHEST WIND DIRECTION     W (290)
  HIGHEST GUST SPEED    24   HIGHEST GUST DIRECTION     W (290)
  AVERAGE WIND SPEED    10.0


SKY COVER
  POSSIBLE SUNSHINE  MM
  AVERAGE SKY COVER 0.9


WEATHER CONDITIONS
 THE FOLLOWING WEATHER WAS RECORDED YESTERDAY.
  LIGHT SNOW
  FOG


RELATIVE HUMIDITY (PERCENT)
 HIGHEST    89           300 AM
 LOWEST     61           800 PM
 AVERAGE    75

..........................................................


THE YOUNGSTOWN OH CLIMATE NORMALS FOR TODAY
                         NORMAL    RECORD    YEAR
 MAXIMUM TEMPERATURE (F)   63        88      1897
 MINIMUM TEMPERATURE (F)   41        26      2003


SUNRISE AND SUNSET
APRIL 24 2015.........SUNRISE   630 AM EDT   SUNSET   812 PM EDT
APRIL 25 2015.........SUNRISE   629 AM EDT   SUNSET   813 PM EDT


-  INDICATES NEGATIVE NUMBERS.
R  INDICATES RECORD WAS SET OR TIED.
MM INDICATES DATA IS MISSING.
T  INDICATES TRACE AMOUNT.




$$
