000
CDUS41 KCLE 142111
CLIYNG


CLIMATE REPORT
NATIONAL WEATHER SERVICE CLEVELAND OH
511 PM EDT TUE APR 14 2015


...................................

...THE YOUNGSTOWN OH CLIMATE SUMMARY FOR APRIL 14 2015...
VALID TODAY AS OF 0500 PM LOCAL TIME.

CLIMATE NORMAL PERIOD 1981 TO 2010
CLIMATE RECORD PERIOD 1897 TO 2015


WEATHER ITEM   OBSERVED TIME   RECORD YEAR NORMAL DEPARTURE LAST
                VALUE   (LST)  VALUE       VALUE  FROM      YEAR
                                                  NORMAL
..................................................................
TEMPERATURE (F)
 TODAY
  MAXIMUM         61    227 PM  85    1941  59      2       72
  MINIMUM         43    603 AM  11    1950  38      5       50
  AVERAGE         52                        48      4       61

PRECIPITATION (IN)
  TODAY            0.00                      0.11  -0.11     0.10
  MONTH TO DATE    1.80                      1.62   0.18     2.23
  SINCE MAR 1      4.13                      4.56  -0.43     4.17
  SINCE JAN 1      9.36                      9.26   0.10     8.86

SNOWFALL (IN)
  TODAY            0.0                       0.1   -0.1      0.0
  MONTH TO DATE    0.2                       2.3   -2.1       T
  SINCE MAR 1      8.8                      13.2   -4.4      7.9
  SINCE JUL 1     78.3                      62.0   16.3     88.9
  SNOW DEPTH       0

DEGREE DAYS
 HEATING
  TODAY           13                        17     -4        4
  MONTH TO DATE  183                       274    -91      211
  SINCE MAR 1   1171                      1150     21     1289
  SINCE JUL 1   6289                      5798    491     6357

 COOLING
  TODAY            0                         0      0        0
  MONTH TO DATE    0                         0      0        0
  SINCE MAR 1      0                         1     -1        0
  SINCE JAN 1      0                         1     -1        0
..................................................................


WIND (MPH)
  HIGHEST WIND SPEED    15   HIGHEST WIND DIRECTION    NE (50)
  HIGHEST GUST SPEED    19   HIGHEST GUST DIRECTION     N (20)


SKY COVER
  POSSIBLE SUNSHINE  MM
  AVERAGE SKY COVER 1.0


WEATHER CONDITIONS
 THE FOLLOWING WEATHER WAS RECORDED TODAY.
  NO SIGNIFICANT WEATHER WAS OBSERVED.


RELATIVE HUMIDITY (PERCENT)
 HIGHEST    77          1200 AM
 LOWEST     37          1200 PM
 AVERAGE    57

..........................................................


THE YOUNGSTOWN OH CLIMATE NORMALS FOR TOMORROW
                         NORMAL    RECORD    YEAR
 MAXIMUM TEMPERATURE (F)   59        84      1941
 MINIMUM TEMPERATURE (F)   38        21      1943


SUNRISE AND SUNSET
APRIL 14 2015.........SUNRISE   645 AM EDT   SUNSET   801 PM EDT
APRIL 15 2015.........SUNRISE   644 AM EDT   SUNSET   803 PM EDT


-  INDICATES NEGATIVE NUMBERS.
R  INDICATES RECORD WAS SET OR TIED.
MM INDICATES DATA IS MISSING.
T  INDICATES TRACE AMOUNT.




$$
