000
CDUS41 KCLE 250558
CLIYNG


CLIMATE REPORT
NATIONAL WEATHER SERVICE CLEVELAND OH
146 AM EDT SAT APR 25 2015


...................................

...THE YOUNGSTOWN OH CLIMATE SUMMARY FOR APRIL 24 2015...

CLIMATE NORMAL PERIOD 1981 TO 2010
CLIMATE RECORD PERIOD 1897 TO 2015


WEATHER ITEM   OBSERVED TIME   RECORD YEAR NORMAL DEPARTURE LAST
                VALUE   (LST)  VALUE       VALUE  FROM      YEAR
                                                  NORMAL
..................................................................
TEMPERATURE (F)
 YESTERDAY
  MAXIMUM         51    250 PM  88    1897  63    -12       58
  MINIMUM         27    602 AM  26    2003  41    -14       27
  AVERAGE         39                        52    -13       43

PRECIPITATION (IN)
  YESTERDAY        0.00                      0.10  -0.10     0.00
  MONTH TO DATE    2.79                      2.72   0.07     2.66
  SINCE MAR 1      5.12                      5.66  -0.54     4.60
  SINCE JAN 1     10.35                     10.36  -0.01     9.29

SNOWFALL (IN)
  YESTERDAY        0.0                       0.0    0.0      0.0
  MONTH TO DATE    0.9                       2.9   -2.0      1.2
  SINCE MAR 1      9.5                      13.8   -4.3      9.1
  SINCE JUL 1     79.0                      62.6   16.4     90.1
  SNOW DEPTH       0

DEGREE DAYS
 HEATING
  YESTERDAY       26                        14     12       22
  MONTH TO DATE  325                       426   -101      387
  SINCE MAR 1   1313                      1302     11     1465
  SINCE JUL 1   6431                      5950    481     6533

 COOLING
  YESTERDAY        0                         0      0        0
  MONTH TO DATE    0                         0      0        0
  SINCE MAR 1      0                         1     -1        0
  SINCE JAN 1      0                         1     -1        0
..................................................................


WIND (MPH)
  HIGHEST WIND SPEED    25   HIGHEST WIND DIRECTION    NW (320)
  HIGHEST GUST SPEED    35   HIGHEST GUST DIRECTION    NW (320)
  AVERAGE WIND SPEED     9.8


SKY COVER
  POSSIBLE SUNSHINE  MM
  AVERAGE SKY COVER 0.4


WEATHER CONDITIONS
 THE FOLLOWING WEATHER WAS RECORDED YESTERDAY.
  NO SIGNIFICANT WEATHER WAS OBSERVED.


RELATIVE HUMIDITY (PERCENT)
 HIGHEST    78           200 AM
 LOWEST     31           400 PM
 AVERAGE    55

..........................................................


THE YOUNGSTOWN OH CLIMATE NORMALS FOR TODAY
                         NORMAL    RECORD    YEAR
 MAXIMUM TEMPERATURE (F)   63        86      2009
                                             1990
 MINIMUM TEMPERATURE (F)   41        25      1956


SUNRISE AND SUNSET
APRIL 25 2015.........SUNRISE   629 AM EDT   SUNSET   813 PM EDT
APRIL 26 2015.........SUNRISE   627 AM EDT   SUNSET   814 PM EDT


-  INDICATES NEGATIVE NUMBERS.
R  INDICATES RECORD WAS SET OR TIED.
MM INDICATES DATA IS MISSING.
T  INDICATES TRACE AMOUNT.




$$
