000
CDUS41 KCLE 192113
CLIYNG


CLIMATE REPORT
NATIONAL WEATHER SERVICE CLEVELAND OH
512 PM EDT SUN APR 19 2015


...................................

...THE YOUNGSTOWN OH CLIMATE SUMMARY FOR APRIL 19 2015...
VALID TODAY AS OF 0500 PM LOCAL TIME.

CLIMATE NORMAL PERIOD 1981 TO 2010
CLIMATE RECORD PERIOD 1897 TO 2015


WEATHER ITEM   OBSERVED TIME   RECORD YEAR NORMAL DEPARTURE LAST
                VALUE   (LST)  VALUE       VALUE  FROM      YEAR
                                                  NORMAL
..................................................................
TEMPERATURE (F)
 TODAY
  MAXIMUM         73    230 PM  84    2002  61     12       60
  MINIMUM         46    442 AM  24    2001  39      7       37
                                      1983
  AVERAGE         60                        50     10       49

PRECIPITATION (IN)
  TODAY            0.00                      0.11  -0.11     0.00
  MONTH TO DATE    1.94                      2.18  -0.24     2.49
  SINCE MAR 1      4.27                      5.12  -0.85     4.43
  SINCE JAN 1      9.50                      9.82  -0.32     9.12

SNOWFALL (IN)
  TODAY            0.0                       0.0    0.0      0.0
  MONTH TO DATE    0.2                       2.7   -2.5      1.2
  SINCE MAR 1      8.8                      13.6   -4.8      9.1
  SINCE JUL 1     78.3                      62.4   15.9     90.1
  SNOW DEPTH       0

DEGREE DAYS
 HEATING
  TODAY            5                        15    -10       16
  MONTH TO DATE  221                       354   -133      314
  SINCE MAR 1   1209                      1230    -21     1392
  SINCE JUL 1   6327                      5878    449     6460

 COOLING
  TODAY            0                         0      0        0
  MONTH TO DATE    0                         0      0        0
  SINCE MAR 1      0                         1     -1        0
  SINCE JAN 1      0                         1     -1        0
..................................................................


WIND (MPH)
  HIGHEST WIND SPEED    26   HIGHEST WIND DIRECTION    SE (120)
  HIGHEST GUST SPEED    35   HIGHEST GUST DIRECTION    SE (140)


SKY COVER
  POSSIBLE SUNSHINE  MM
  AVERAGE SKY COVER 0.6


WEATHER CONDITIONS
 THE FOLLOWING WEATHER WAS RECORDED TODAY.
  NO SIGNIFICANT WEATHER WAS OBSERVED.


RELATIVE HUMIDITY (PERCENT)
 HIGHEST    46           600 AM
 LOWEST     27           200 PM
 AVERAGE    37

..........................................................


THE YOUNGSTOWN OH CLIMATE NORMALS FOR TOMORROW
                         NORMAL    RECORD    YEAR
 MAXIMUM TEMPERATURE (F)   61        85      1941
 MINIMUM TEMPERATURE (F)   40        24      1953


SUNRISE AND SUNSET
APRIL 19 2015.........SUNRISE   637 AM EDT   SUNSET   807 PM EDT
APRIL 20 2015.........SUNRISE   636 AM EDT   SUNSET   808 PM EDT


-  INDICATES NEGATIVE NUMBERS.
R  INDICATES RECORD WAS SET OR TIED.
MM INDICATES DATA IS MISSING.
T  INDICATES TRACE AMOUNT.




$$
